{"id":252,"date":"2020-04-26T21:25:52","date_gmt":"2020-04-26T19:25:52","guid":{"rendered":"https:\/\/wp.zszastavka.cz\/?page_id=252"},"modified":"2020-08-20T09:14:16","modified_gmt":"2020-08-20T07:14:16","slug":"gdpr","status":"publish","type":"page","link":"https:\/\/zszastavka.cz\/?page_id=252","title":{"rendered":"GDPR"},"content":{"rendered":"\n<h2 class=\"wp-block-heading\">Obecn\u00e1 informace o zpracov\u00e1n\u00ed osobn\u00edch \u00fadaj\u016f<\/h2>\n\n\n<p>Z\u00e1kladn\u00ed \u0161kola a Mate\u0159sk\u00e1 \u0161kola T. G. Masaryka Zast\u00e1vka, p\u0159\u00edsp\u011bvkov\u00e1 organizace, je p\u0159\u00edsp\u011bvkovou organizac\u00ed obce Zast\u00e1vka, kter\u00fd je jej\u00edm z\u0159izovatelem. Hlavn\u00edm \u00fakolem na\u0161\u00ed organizace je v\u00fdchova a vzd\u011bl\u00e1v\u00e1n\u00ed d\u011bt\u00ed a \u017e\u00e1k\u016f. Z\u00e1kladn\u00ed \u0161kola a Mate\u0159sk\u00e1 \u0161kola T.\u00a0G.\u00a0Masaryka Zast\u00e1vka, p\u0159\u00edsp\u011bvkov\u00e1 organizace zpracov\u00e1v\u00e1 osobn\u00ed \u00fadaje v souladu s po\u017eadavky Na\u0159\u00edzen\u00ed Evropsk\u00e9ho parlamentu a Rady (EU) \u010d. 2016\/679 o ochran\u011b fyzick\u00fdch osob v souvislosti se zpracov\u00e1n\u00edm osobn\u00edch \u00fadaj\u016f a o voln\u00e9m pohybu t\u011bchto \u00fadaj\u016f a o zru\u0161en\u00ed sm\u011brnice 95\/46\/ES (obecn\u00e9 na\u0159\u00edzen\u00ed o ochran\u011b osobn\u00edch \u00fadaj\u016f nebo tak\u00e9 GDPR).<\/p>\n<p>Z\u00e1kladn\u00ed \u0161kola a Mate\u0159sk\u00e1 \u0161kola T. G. Masaryka Zast\u00e1vka, p\u0159\u00edsp\u011bvkov\u00e1 organizace je spr\u00e1vcem Va\u0161ich osobn\u00edch \u00fadaj\u016f, kter\u00e9\u00a0 zpracov\u00e1v\u00e1 zejm\u00e9na za \u00fa\u010delem:<\/p>\n<ol>\n<li>z\u00e1pis k p\u0159ed\u0161koln\u00edmu vzd\u011bl\u00e1v\u00e1n\u00ed,<\/li>\n<li>zaji\u0161t\u011bn\u00ed p\u0159ed\u0161koln\u00edho vzd\u011bl\u00e1v\u00e1n\u00ed,<\/li>\n<li>z\u00e1pis k z\u00e1kladn\u00edmu vzd\u011bl\u00e1v\u00e1n\u00ed,<\/li>\n<li>zaji\u0161t\u011bn\u00ed z\u00e1kladn\u00edho vzd\u011bl\u00e1v\u00e1n\u00ed,<\/li>\n<li>z\u00e1jmov\u00e9 vzd\u011bl\u00e1v\u00e1n\u00ed ve \u0161koln\u00ed dru\u017ein\u011b.<\/li>\n<\/ol>\n<p><strong>Kontaktn\u00ed adresa spr\u00e1vce:<\/strong><br \/>Z\u00e1kladn\u00ed \u0161kola a Mate\u0159sk\u00e1 \u0161kola T. G. Masaryka Zast\u00e1vka, p\u0159\u00edsp\u011bvkov\u00e1 organizace, U \u0160koly 181, 664 84 Zast\u00e1vka, I\u010c: 49461541, telefon: +420 546 429 181, e-mail: zs@zastavka.cz, ID datov\u00e9 schr\u00e1nky: zeqmifm.<\/p>\n<p>\u0160kola na z\u00e1klad\u011b povinnosti ulo\u017een\u00e9 j\u00ed obecn\u00fdm na\u0159\u00edzen\u00edm jmenovala pov\u011b\u0159ence pro ochranu osobn\u00edch \u00fadaj\u016f, kter\u00fd pln\u00ed \u00fakoly dle \u010dl\u00e1nku 39 obecn\u00e9ho na\u0159\u00edzen\u00ed a pro V\u00e1s je kontaktn\u00ed osobou pro \u0159e\u0161en\u00ed Va\u0161ich dotaz\u016f, po\u017eadavk\u016f nebo \u017e\u00e1dost\u00ed.<\/p>\n<p><strong>Kontaktn\u00ed adresa pov\u011b\u0159ence pro ochranu osobn\u00edch \u00fadaj\u016f:<\/strong><br \/>Mgr. Zden\u011bk Nov\u00e1k, Spole\u010dnost I3 Consultants s.r.o., I\u010c: 27921344, se s\u00eddlem K Trnin\u00e1m 945\/34,163 00 Praha 6, tel: +420 543 214 714, e-mail: poverenec.oou@i3c.cz, ID datov\u00e9 schr\u00e1nky: mazc9cz<\/p>\n<p>Va\u0161e nezbytn\u00e9 osobn\u00ed \u00fadaje jsou shroma\u017e\u010fov\u00e1ny a d\u00e1le zpracov\u00e1v\u00e1ny zejm\u00e9na na z\u00e1klad\u011b spln\u011bn\u00ed pr\u00e1vn\u00edch povinnost\u00ed, kter\u00e9 se na \u0161kolu vztahuj\u00ed. Dal\u0161\u00ed nezbytn\u00e9 osobn\u00ed \u00fadaje mohou b\u00fdt shroma\u017e\u010fov\u00e1ny za \u00fa\u010delem spln\u011bn\u00ed smlouvy mezi \u0161kolou a V\u00e1mi.<br \/>V n\u011bkter\u00fdch p\u0159\u00edpadech mohou b\u00fdt Va\u0161e osobn\u00ed \u00fadaje shroma\u017e\u010fov\u00e1ny a d\u00e1le zpracov\u00e1v\u00e1ny na z\u00e1klad\u011b V\u00e1mi ud\u011blen\u00e9ho souhlasu, kter\u00fd v\u017edy vyjad\u0159uje svobodn\u00fd, konkr\u00e9tn\u00ed, informovan\u00fd a jednozna\u010dn\u00fd projev Va\u0161\u00ed v\u016fle se zpracov\u00e1n\u00edm Va\u0161ich osobn\u00edch \u00fadaj\u016f za dan\u00fdm \u00fa\u010delem a jeho\u017e sou\u010d\u00e1st\u00ed je v\u017edy informace o mo\u017enosti ud\u011blen\u00fd souhlas kdykoliv odvolat.<br \/>P\u0159i zpracov\u00e1n\u00ed Va\u0161ich osobn\u00edch \u00fadaj\u016f nedoch\u00e1z\u00ed k automatizovan\u00e9mu rozhodov\u00e1n\u00ed, na jeho\u017e z\u00e1klad\u011b by byly \u010din\u011bny \u00fakony \u010di rozhodnut\u00ed, jejich\u017e obsahem by byl z\u00e1sah do Va\u0161ich pr\u00e1v \u010di opr\u00e1vn\u011bn\u00fdch z\u00e1jm\u016f. Va\u0161e osobn\u00ed \u00fadaje jsou zpracov\u00e1v\u00e1ny pouze po nezbytnou dobu, kter\u00e1 je individu\u00e1ln\u00ed pro jednotliv\u00e9 \u00fa\u010dely zpracov\u00e1n\u00ed. Po uplynut\u00ed t\u00e9to doby jsou osobn\u00ed \u00fadaje zlikvidov\u00e1ny nebo jsou d\u00e1le uchov\u00e1ny po dobu stanovenou platn\u00fdm Spisov\u00fdm a skarta\u010dn\u00edm pl\u00e1nem, vydan\u00fdm v souladu se z\u00e1konem \u010d. 499\/2004 Sb., o archivnictv\u00ed a spisov\u00e9 slu\u017eb\u011b. V souvislosti se zpracov\u00e1n\u00edm Va\u0161ich osobn\u00edch \u00fadaj\u016f m\u00e1te pr\u00e1vo na p\u0159\u00edstup k Va\u0161im osobn\u00edm \u00fadaj\u016fm, na jejich opravu nebo v\u00fdmaz, pop\u0159\u00edpad\u011b omezen\u00ed zpracov\u00e1n\u00ed, vzn\u00e9st n\u00e1mitku proti jejich zpracov\u00e1n\u00ed, p\u0159\u00edpadn\u011b uplatnit pr\u00e1vo na p\u0159enositelnost \u00fadaj\u016f a dal\u0161\u00ed pr\u00e1va podle obecn\u00e9ho na\u0159\u00edzen\u00ed o ochran\u011b osobn\u00edch \u00fadaj\u016f.<\/p>\n<p>Sv\u00e1 pr\u00e1va a po\u017eadavky uplat\u0148ujte u pov\u011b\u0159ence pro ochranu osobn\u00edch \u00fadaj\u016f.<\/p>\n<p>Va\u0161e po\u017eadavky budou v\u017edy \u0159\u00e1dn\u011b posouzeny a vypo\u0159\u00e1d\u00e1ny v souladu s p\u0159\u00edslu\u0161n\u00fdmi ustanoven\u00edmi obecn\u00e9ho na\u0159\u00edzen\u00ed. V p\u0159\u00edpad\u011b, \u017ee nebudete souhlasit s vypo\u0159\u00e1d\u00e1n\u00edm Va\u0161ich po\u017eadavk\u016f a \u017e\u00e1dost\u00ed, m\u00e1te pr\u00e1vo podat st\u00ed\u017enost \u00da\u0159adu pro ochranu osobn\u00edch \u00fadaj\u016f.<\/p>\n\n\n<p class=\"has-very-dark-gray-color has-luminous-vivid-amber-background-color has-text-color has-background\"><strong>V r\u00e1mci akc\u00ed po\u0159\u00e1dan\u00fdch na\u0161\u00ed \u0161kolou mohou b\u00fdt po\u0159izov\u00e1ny obrazov\u00e9 a&nbsp;zvukov\u00e9 z\u00e1znamy za \u00fa\u010delem prezentace akce. Na\u0161e \u0161kola nenese odpov\u011bdnost za z\u00e1znamy po\u0159\u00edzen\u00e9 a zve\u0159ejn\u011bn\u00e9 jin\u00fdmi subjekty.<\/strong><\/p>\n","protected":false},"excerpt":{"rendered":"<p>Obecn\u00e1 informace o zpracov\u00e1n\u00ed osobn\u00edch \u00fadaj\u016f Z\u00e1kladn\u00ed \u0161kola a Mate\u0159sk\u00e1 \u0161kola T. G. Masaryka Zast\u00e1vka, p\u0159\u00edsp\u011bvkov\u00e1 organizace, je p\u0159\u00edsp\u011bvkovou organizac\u00ed obce Zast\u00e1vka, kter\u00fd je jej\u00edm z\u0159izovatelem. Hlavn\u00edm \u00fakolem na\u0161\u00ed organizace je v\u00fdchova a vzd\u011bl\u00e1v\u00e1n\u00ed d\u011bt\u00ed a \u017e\u00e1k\u016f. Z\u00e1kladn\u00ed \u0161kola a Mate\u0159sk\u00e1 \u0161kola T.\u00a0G.\u00a0Masaryka Zast\u00e1vka, p\u0159\u00edsp\u011bvkov\u00e1 organizace zpracov\u00e1v\u00e1 osobn\u00ed \u00fadaje v souladu s po\u017eadavky Na\u0159\u00edzen\u00ed Evropsk\u00e9ho&hellip;<\/p>\n","protected":false},"author":1,"featured_media":0,"parent":0,"menu_order":10,"comment_status":"closed","ping_status":"closed","template":"","meta":{"footnotes":""},"class_list":["post-252","page","type-page","status-publish","hentry"],"_links":{"self":[{"href":"https:\/\/zszastavka.cz\/index.php?rest_route=\/wp\/v2\/pages\/252","targetHints":{"allow":["GET"]}}],"collection":[{"href":"https:\/\/zszastavka.cz\/index.php?rest_route=\/wp\/v2\/pages"}],"about":[{"href":"https:\/\/zszastavka.cz\/index.php?rest_route=\/wp\/v2\/types\/page"}],"author":[{"embeddable":true,"href":"https:\/\/zszastavka.cz\/index.php?rest_route=\/wp\/v2\/users\/1"}],"replies":[{"embeddable":true,"href":"https:\/\/zszastavka.cz\/index.php?rest_route=%2Fwp%2Fv2%2Fcomments&post=252"}],"version-history":[{"count":0,"href":"https:\/\/zszastavka.cz\/index.php?rest_route=\/wp\/v2\/pages\/252\/revisions"}],"wp:attachment":[{"href":"https:\/\/zszastavka.cz\/index.php?rest_route=%2Fwp%2Fv2%2Fmedia&parent=252"}],"curies":[{"name":"wp","href":"https:\/\/api.w.org\/{rel}","templated":true}]}}