{"id":235,"date":"2020-04-26T20:58:56","date_gmt":"2020-04-26T18:58:56","guid":{"rendered":"https:\/\/wp.zszastavka.cz\/?page_id=235"},"modified":"2025-04-30T09:40:56","modified_gmt":"2025-04-30T07:40:56","slug":"zakladni-skola","status":"publish","type":"page","link":"https:\/\/zszastavka.cz\/?page_id=235","title":{"rendered":"Z\u00e1kladn\u00ed \u0161kola"},"content":{"rendered":"<p><span class=\"cf3 ff1 fs20\"><b>Z\u00e1kladn\u00ed \u0161kola a Mate\u0159sk\u00e1 \u0161kola T. G. Masaryka Zast\u00e1vka, <\/b><\/span><b><span class=\"ff0 cf3 fs20\">p\u0159\u00edsp\u011bvkov\u00e1 organizace<\/span><\/b><span class=\"ff1 fs20\"><br \/><\/span><\/p>\n<p><span class=\"ff1 fs20\">Od 1.<\/span><span class=\"ff0 fs20\">\u00a0<\/span><span class=\"ff1 fs20\">1.<\/span><span class=\"ff0 fs20\">\u00a0<\/span><span class=\"ff1 fs20\">1996 je z\u00e1kladn\u00ed \u0161kola pr\u00e1vn\u00edm subjektem s postaven\u00edm p\u0159\u00edsp\u011bvkov\u00e9 organizace. Z\u00e1kladn\u00ed \u0161kola v Zast\u00e1vce s\u00eddl\u00ed v budov\u011b \u0161koly postaven\u00e9 v roce 1932. <\/span><span class=\"ff1 fs20\">V roce 1960 byla postavena p\u0159\u00edstavba a v roce 1992 provedena gener\u00e1ln\u00ed oprava.<br \/><b><\/b><\/span><\/p>\n<p><span class=\"ff1 fs20\"><b>Kapacita: <\/b>k<\/span><span class=\"ff1 fs20\">apacita Z\u00e1kladn\u00ed \u0161koly a Mate\u0159sk\u00e9 \u0161koly T. G. Masaryka Zast\u00e1vka, p\u0159\u00edsp\u011bvkov\u00e1 organizace \u010din\u00ed <\/span><span class=\"ff0 fs20\">od 1. z\u00e1\u0159\u00ed 2019\u00a0<\/span><span class=\"ff1 fs20\">4<\/span><span class=\"ff0 fs20\">4<\/span><span class=\"ff1 fs20\">0 \u017e\u00e1k\u016f <\/span><span class=\"ff1 fs20\">a kapacita\u00a0<b><a class=\"imCssLink\" href=\"https:\/\/zszastavka.cz\/?page_id=10319\" target=\"_blank\" rel=\"noopener noreferrer\">\u0161koln\u00ed dru\u017einy<\/a><\/b><\/span><span class=\"ff1 fs20\">, je\u017e je jej\u00ed sou\u010d\u00e1st\u00ed, \u010din\u00ed\u00a0<\/span><span class=\"ff0 fs20\">120<\/span><span class=\"ff1 fs20\">\u00a0\u017e\u00e1k\u016f.<br \/><b><\/b><\/span><\/p>\n<p><span class=\"ff1 fs20\"><b>Z\u0159izovatel \u0161koly: <\/b>z<\/span><span class=\"ff1 fs20\">\u0159izovatelem \u0161koly je obec Zast\u00e1vka se s\u00eddlem Hutn\u00ed osada 14, Zast\u00e1vka, I\u010cO 488399. Statut\u00e1rn\u00edm z\u00e1stupcem je starosta pan Petr Posp\u00ed\u0161il, L\u00edpov\u00e1 422, Zast\u00e1vka.<br \/><b><\/b><\/span><\/p>\n<p><span class=\"ff1 fs20\"><b>\u0158editel \u0161koly: <\/b>\u0159<\/span><span class=\"ff1 fs20\">editelem \u0161koly byl na z\u00e1klad\u011b konkurzn\u00edho \u0159\u00edzen\u00ed ke dni 1. 9. 2007 jmenov\u00e1n Ing. Zden\u011bk Strnad<\/span><span class=\"ff0 fs20\">. Z\u0159izovatel \u0161koly potvrdil v roce 2018 toto jmenov\u00e1n\u00ed i na dal\u0161\u00ed funk\u010dn\u00ed obdob\u00ed.<\/span><\/p>\n<p><span class=\"ff1 fs20\"><b>Dal\u0161\u00ed vedouc\u00ed pracovn\u00edci \u0161koly: <\/b><\/span><span class=\"ff0 fs20\">s<\/span><span class=\"ff1 fs20\">tatut\u00e1rn\u00ed z\u00e1stupce \u0159editele je Mgr. Petr Pe\u010denka; z\u00e1stupce \u0159editele a preventistou soci\u00e1ln\u011b-<wbr \/>patologick\u00fdch jev\u016f je Mgr. Radka Bochn\u00ed\u010dkov\u00e1.<\/span><\/p>\n<p><span class=\"ff0 fs20\"><b>V<\/b><\/span><b><span class=\"ff1 fs20\">\u00fdchovn\u00e1 poradkyn\u011b:<\/span><\/b><span class=\"ff1 fs20\"> Mgr. Al\u017eb\u011bta Laud\u00e1tov\u00e1.<br \/><b><\/b><\/span><\/p>\n<hr \/>\n<p><span class=\"ff1 fs20\"><b>V\u0161echny druhy a typy \u0161kol, kter\u00e9 \u0161kola zahrnuje:<\/b><\/span><span class=\"ff1 fs20\"><br \/>Z\u00e1kladn\u00ed \u0161kola a Mate\u0159sk\u00e1 \u0161kola T. G. Masaryka Zast\u00e1vka, p\u0159\u00edsp\u011bvkov\u00e1 organizace<\/span><span class=\"ff0 fs20\">\u00a0<\/span><span class=\"ff1 fs20\">je \u00faplnou z\u00e1kladn\u00ed \u0161kolou s pln\u011b organizovan\u00fdm I. i II.stupn\u011bm Z\u0160. Sou\u010d\u00e1st\u00ed z\u00e1kladn\u00ed \u0161koly jsou\u00a0<\/span><span class=\"ff0 fs20\">t\u0159i\u00a0<\/span><span class=\"ff1 fs20\">odd\u011blen\u00ed \u0161koln\u00ed dru\u017einy.<br \/><\/span><b><\/b><\/p>\n<p><span class=\"ff1 fs20\"><b>Datum za\u0159azen\u00ed do s\u00edt\u011b \u0161kol:<br \/><\/b><\/span><span class=\"ff1 fs20\">Z\u00e1kladn\u00ed \u0161kola byla za\u0159azena do s\u00edt\u011b \u0161kol 27. 3. 1997. Identifik\u00e1tor za\u0159\u00edzen\u00ed je 600 111 172. <\/span><\/p>\n<p><span class=\"ff1 fs20\">\u0160kola sdru\u017euje z\u00e1kladn\u00ed \u0161kolu s identifika\u010dn\u00edm \u010d\u00edslem za\u0159\u00edzen\u00ed IZO: 102 191 387 a \u0161koln\u00ed dru\u017einu s IZO: 118 300 288.<\/span><\/p>\n\n\n<p><strong><a href=\"https:\/\/zszastavka.cz\/?page_id=235&amp;print=1\" title=\"Vytisni p\u0159\u00edsp\u011bvek\" rel=\"nofollow\"><img decoding=\"async\" class=\"WP-PrintIcon\" src=\"https:\/\/zszastavka.cz\/wp-content\/plugins\/wp-print\/images\/printer_famfamfam.gif\" alt=\"Vytisni p\u0159\u00edsp\u011bvek\" title=\"Vytisni p\u0159\u00edsp\u011bvek\" style=\"border: 0px;\" \/><\/a><\/strong><\/p>\n","protected":false},"excerpt":{"rendered":"<p>Z\u00e1kladn\u00ed \u0161kola a Mate\u0159sk\u00e1 \u0161kola T. G. Masaryka Zast\u00e1vka, p\u0159\u00edsp\u011bvkov\u00e1 organizace Od 1.\u00a01.\u00a01996 je z\u00e1kladn\u00ed \u0161kola pr\u00e1vn\u00edm subjektem s postaven\u00edm p\u0159\u00edsp\u011bvkov\u00e9 organizace. Z\u00e1kladn\u00ed \u0161kola v Zast\u00e1vce s\u00eddl\u00ed v budov\u011b \u0161koly postaven\u00e9 v roce 1932. V roce 1960 byla postavena p\u0159\u00edstavba a v roce 1992 provedena gener\u00e1ln\u00ed oprava. Kapacita: kapacita Z\u00e1kladn\u00ed \u0161koly a Mate\u0159sk\u00e9 \u0161koly T.&hellip;<\/p>\n","protected":false},"author":1,"featured_media":0,"parent":0,"menu_order":0,"comment_status":"closed","ping_status":"closed","template":"","meta":{"footnotes":""},"class_list":["post-235","page","type-page","status-publish","hentry"],"_links":{"self":[{"href":"https:\/\/zszastavka.cz\/index.php?rest_route=\/wp\/v2\/pages\/235","targetHints":{"allow":["GET"]}}],"collection":[{"href":"https:\/\/zszastavka.cz\/index.php?rest_route=\/wp\/v2\/pages"}],"about":[{"href":"https:\/\/zszastavka.cz\/index.php?rest_route=\/wp\/v2\/types\/page"}],"author":[{"embeddable":true,"href":"https:\/\/zszastavka.cz\/index.php?rest_route=\/wp\/v2\/users\/1"}],"replies":[{"embeddable":true,"href":"https:\/\/zszastavka.cz\/index.php?rest_route=%2Fwp%2Fv2%2Fcomments&post=235"}],"version-history":[{"count":2,"href":"https:\/\/zszastavka.cz\/index.php?rest_route=\/wp\/v2\/pages\/235\/revisions"}],"predecessor-version":[{"id":23795,"href":"https:\/\/zszastavka.cz\/index.php?rest_route=\/wp\/v2\/pages\/235\/revisions\/23795"}],"wp:attachment":[{"href":"https:\/\/zszastavka.cz\/index.php?rest_route=%2Fwp%2Fv2%2Fmedia&parent=235"}],"curies":[{"name":"wp","href":"https:\/\/api.w.org\/{rel}","templated":true}]}}

Základní škola

<p><span class="cf3 ff1 fs20"><b>Základní škola a Mateřská škola T. G. Masaryka Zastávka, </b></span><b><span class="ff0 cf3 fs20">příspěvková organizace</span></b><span class="ff1 fs20"><br /></span></p>
<p><span class="ff1 fs20">Od 1.</span><span class="ff0 fs20"> </span><span class="ff1 fs20">1.</span><span class="ff0 fs20"> </span><span class="ff1 fs20">1996 je základní škola právním subjektem s postavením příspěvkové organizace. Základní škola v Zastávce sídlí v budově školy postavené v roce 1932. </span><span class="ff1 fs20">V roce 1960 byla postavena přístavba a v roce 1992 provedena generální oprava.<br /><b></b></span></p>
<p><span class="ff1 fs20"><b>Kapacita: </b>k</span><span class="ff1 fs20">apacita Základní školy a Mateřské školy T. G. Masaryka Zastávka, příspěvková organizace činí </span><span class="ff0 fs20">od 1. září 2019 </span><span class="ff1 fs20">4</span><span class="ff0 fs20">4</span><span class="ff1 fs20">0 žáků </span><span class="ff1 fs20">a kapacita <b><a class="imCssLink" href="https://zszastavka.cz/?page_id=10319" target="_blank" rel="noopener noreferrer">školní družiny</a></b></span><span class="ff1 fs20">, jež je její součástí, činí </span><span class="ff0 fs20">120</span><span class="ff1 fs20"> žáků.<br /><b></b></span></p>
<p><span class="ff1 fs20"><b>Zřizovatel školy: </b>z</span><span class="ff1 fs20">řizovatelem školy je obec Zastávka se sídlem Hutní osada 14, Zastávka, IČO 488399. Statutárním zástupcem je starosta pan Petr Pospíšil, Lípová 422, Zastávka.<br /><b></b></span></p>
<p><span class="ff1 fs20"><b>Ředitel školy: </b>ř</span><span class="ff1 fs20">editelem školy byl na základě konkurzního řízení ke dni 1. 9. 2007 jmenován Ing. Zdeněk Strnad</span><span class="ff0 fs20">. Zřizovatel školy potvrdil v roce 2018 toto jmenování i na další funkční období.</span></p>
<p><span class="ff1 fs20"><b>Další vedoucí pracovníci školy: </b></span><span class="ff0 fs20">s</span><span class="ff1 fs20">tatutární zástupce ředitele je Mgr. Petr Pečenka; zástupce ředitele a preventistou sociálně-<wbr />patologických jevů je Mgr. Radka Bochníčková.</span></p>
<p><span class="ff0 fs20"><b>V</b></span><b><span class="ff1 fs20">ýchovná poradkyně:</span></b><span class="ff1 fs20"> Mgr. Alžběta Laudátová.<br /><b></b></span></p>
<hr />
<p><span class="ff1 fs20"><b>Všechny druhy a typy škol, které škola zahrnuje:</b></span><span class="ff1 fs20"><br />Základní škola a Mateřská škola T. G. Masaryka Zastávka, příspěvková organizace</span><span class="ff0 fs20"> </span><span class="ff1 fs20">je úplnou základní školou s plně organizovaným I. i II.stupněm ZŠ. Součástí základní školy jsou </span><span class="ff0 fs20">tři </span><span class="ff1 fs20">oddělení školní družiny.<br /></span><b></b></p>
<p><span class="ff1 fs20"><b>Datum zařazení do sítě škol:<br /></b></span><span class="ff1 fs20">Základní škola byla zařazena do sítě škol 27. 3. 1997. Identifikátor zařízení je 600 111 172. </span></p>
<p><span class="ff1 fs20">Škola sdružuje základní školu s identifikačním číslem zařízení IZO: 102 191 387 a školní družinu s IZO: 118 300 288.</span></p>


<p><strong><a href="https://zszastavka.cz/?page_id=235&amp;print=1" title="Vytisni příspěvek" rel="nofollow"><img decoding="async" class="WP-PrintIcon" src="https://zszastavka.cz/wp-content/plugins/wp-print/images/printer_famfamfam.gif" alt="Vytisni příspěvek" title="Vytisni příspěvek" style="border: 0px;" /></a></strong></p>

<p>Základní škola a Mateřská škola T. G. Masaryka Zastávka, příspěvková organizace Od 1. 1. 1996 je základní škola právním subjektem s postavením příspěvkové organizace. Základní škola v Zastávce sídlí v budově školy postavené v roce 1932. V roce 1960 byla postavena přístavba a v roce 1992 provedena generální oprava. Kapacita: kapacita Základní školy a Mateřské školy T.&hellip;</p>
