{"id":22041,"date":"2025-01-16T11:26:06","date_gmt":"2025-01-16T10:26:06","guid":{"rendered":"https:\/\/zszastavka.cz\/?page_id=22041"},"modified":"2025-01-16T13:36:54","modified_gmt":"2025-01-16T12:36:54","slug":"nastavba-uceben","status":"publish","type":"page","link":"https:\/\/zszastavka.cz\/?page_id=22041","title":{"rendered":"N\u00e1stavba u\u010deben"},"content":{"rendered":"<p><strong>Z\u00e1kladn\u00ed \u0161kola a Mate\u0159sk\u00e1 \u0161kola T.G. Masaryka Zast\u00e1vka, N\u00e1stavba u\u010deben<\/strong><\/p>\n<p><img loading=\"lazy\" decoding=\"async\" class=\"aligncenter wp-image-22038 size-full\" src=\"https:\/\/zszastavka.cz\/wp-content\/uploads\/2025\/01\/MMR-1.png\" alt=\"\" width=\"1200\" height=\"177\" srcset=\"https:\/\/zszastavka.cz\/wp-content\/uploads\/2025\/01\/MMR-1.png 1200w, https:\/\/zszastavka.cz\/wp-content\/uploads\/2025\/01\/MMR-1-768x113.png 768w\" sizes=\"auto, (max-width: 1200px) 100vw, 1200px\" \/><\/p>\n<p>Hlavn\u00edm c\u00edlem projektu je nadstavba ve 4. NP, kde mimo jin\u00e9 vzniknou nov\u00e9 odborn\u00e9 u\u010debny a kabinety. Projekt z\u00e1rove\u0148 \u0159e\u0161\u00ed \u00fapravy i ve st\u00e1vaj\u00edc\u00edch prostor\u00e1ch, kdy v ka\u017ed\u00e9m podla\u017e\u00ed dojde ke stavebn\u00edm \u00faprav\u00e1m, vzniknou zde bezbari\u00e9rov\u00e1 WC nebo nov\u00fd v\u00fdtah.<\/p>\n<p>Projekt <strong>Z\u00e1kladn\u00ed \u0161kola a Mate\u0159sk\u00e1 \u0161kola T.G. Masaryka Zast\u00e1vka, N\u00e1stavba u\u010deben<\/strong> je spolufinancov\u00e1n Evropskou uni\u00ed.<\/p>\n<p>Registra\u010dn\u00ed \u010d\u00edslo projektu: <strong>CZ.06.04.01\/00\/22_037\/0003248<\/strong><\/p>\n<p>Term\u00edn realizace projektu: 2022\u20132026<\/p>\n","protected":false},"excerpt":{"rendered":"<p>Z\u00e1kladn\u00ed \u0161kola a Mate\u0159sk\u00e1 \u0161kola T.G. Masaryka Zast\u00e1vka, N\u00e1stavba u\u010deben Hlavn\u00edm c\u00edlem projektu je nadstavba ve 4. NP, kde mimo jin\u00e9 vzniknou nov\u00e9 odborn\u00e9 u\u010debny a kabinety. Projekt z\u00e1rove\u0148 \u0159e\u0161\u00ed \u00fapravy i ve st\u00e1vaj\u00edc\u00edch prostor\u00e1ch, kdy v ka\u017ed\u00e9m podla\u017e\u00ed dojde ke stavebn\u00edm \u00faprav\u00e1m, vzniknou zde bezbari\u00e9rov\u00e1 WC nebo nov\u00fd v\u00fdtah. Projekt Z\u00e1kladn\u00ed \u0161kola a Mate\u0159sk\u00e1&hellip;<\/p>\n","protected":false},"author":1,"featured_media":0,"parent":241,"menu_order":0,"comment_status":"closed","ping_status":"closed","template":"","meta":{"footnotes":""},"class_list":["post-22041","page","type-page","status-publish","hentry"],"_links":{"self":[{"href":"https:\/\/zszastavka.cz\/index.php?rest_route=\/wp\/v2\/pages\/22041","targetHints":{"allow":["GET"]}}],"collection":[{"href":"https:\/\/zszastavka.cz\/index.php?rest_route=\/wp\/v2\/pages"}],"about":[{"href":"https:\/\/zszastavka.cz\/index.php?rest_route=\/wp\/v2\/types\/page"}],"author":[{"embeddable":true,"href":"https:\/\/zszastavka.cz\/index.php?rest_route=\/wp\/v2\/users\/1"}],"replies":[{"embeddable":true,"href":"https:\/\/zszastavka.cz\/index.php?rest_route=%2Fwp%2Fv2%2Fcomments&post=22041"}],"version-history":[{"count":5,"href":"https:\/\/zszastavka.cz\/index.php?rest_route=\/wp\/v2\/pages\/22041\/revisions"}],"predecessor-version":[{"id":22221,"href":"https:\/\/zszastavka.cz\/index.php?rest_route=\/wp\/v2\/pages\/22041\/revisions\/22221"}],"up":[{"embeddable":true,"href":"https:\/\/zszastavka.cz\/index.php?rest_route=\/wp\/v2\/pages\/241"}],"wp:attachment":[{"href":"https:\/\/zszastavka.cz\/index.php?rest_route=%2Fwp%2Fv2%2Fmedia&parent=22041"}],"curies":[{"name":"wp","href":"https:\/\/api.w.org\/{rel}","templated":true}]}}

Nástavba učeben

<p><strong>Základní škola a Mateřská škola T.G. Masaryka Zastávka, Nástavba učeben</strong></p>
<p><img loading="lazy" decoding="async" class="aligncenter wp-image-22038 size-full" src="https://zszastavka.cz/wp-content/uploads/2025/01/MMR-1.png" alt="" width="1200" height="177" srcset="https://zszastavka.cz/wp-content/uploads/2025/01/MMR-1.png 1200w, https://zszastavka.cz/wp-content/uploads/2025/01/MMR-1-768x113.png 768w" sizes="auto, (max-width: 1200px) 100vw, 1200px" /></p>
<p>Hlavním cílem projektu je nadstavba ve 4. NP, kde mimo jiné vzniknou nové odborné učebny a kabinety. Projekt zároveň řeší úpravy i ve stávajících prostorách, kdy v každém podlaží dojde ke stavebním úpravám, vzniknou zde bezbariérová WC nebo nový výtah.</p>
<p>Projekt <strong>Základní škola a Mateřská škola T.G. Masaryka Zastávka, Nástavba učeben</strong> je spolufinancován Evropskou unií.</p>
<p>Registrační číslo projektu: <strong>CZ.06.04.01/00/22_037/0003248</strong></p>
<p>Termín realizace projektu: 2022–2026</p>

<p>Základní škola a Mateřská škola T.G. Masaryka Zastávka, Nástavba učeben Hlavním cílem projektu je nadstavba ve 4. NP, kde mimo jiné vzniknou nové odborné učebny a kabinety. Projekt zároveň řeší úpravy i ve stávajících prostorách, kdy v každém podlaží dojde ke stavebním úpravám, vzniknou zde bezbariérová WC nebo nový výtah. Projekt Základní škola a Mateřská&hellip;</p>
