{"id":20330,"date":"2024-06-18T11:29:58","date_gmt":"2024-06-18T09:29:58","guid":{"rendered":"https:\/\/zszastavka.cz\/?page_id=20330"},"modified":"2026-03-30T09:43:10","modified_gmt":"2026-03-30T07:43:10","slug":"skolska-rada","status":"publish","type":"page","link":"https:\/\/zszastavka.cz\/?page_id=20330","title":{"rendered":"\u0160kolsk\u00e1 rada"},"content":{"rendered":"<div id=\"pl-20330\"  class=\"panel-layout\" ><div id=\"pg-20330-0\"  class=\"panel-grid panel-no-style\" ><div id=\"pgc-20330-0-0\"  class=\"panel-grid-cell\" ><div id=\"panel-20330-0-0-0\" class=\"so-panel widget widget_education_base_posts_col panel-first-child panel-last-child\" data-index=\"0\" >            <section id=\"education_base_posts_col-3\" class=\"acme-widgets acme-col-posts gray-bg\">\n                <div class=\"container\">\n                                        <div class=\"row\">\n                                                        <div class=\"blog-item-wrapper init-animate slideInUp1 col-sm-12 col-md-4\">\n                                    <article id=\"post-27047\" class=\"init-animate slideInUp1 post-27047 post type-post status-publish format-standard has-post-thumbnail hentry category-2025-2026 category-novinky category-skolska-rada tag-sr tag-zs\">\n    <div class=\"content-wrapper\">\n                    <!--post thumbnal options-->\n            <div class=\"post-thumb\">\n                <a href=\"https:\/\/zszastavka.cz\/?p=27047\">\n                    <img loading=\"lazy\" decoding=\"async\" width=\"640\" height=\"405\" src=\"https:\/\/zszastavka.cz\/wp-content\/uploads\/2020\/04\/budovy006-1024x648.jpg\" class=\"attachment-large size-large wp-post-image\" alt=\"\" \/>                <\/a>\n            <\/div><!-- .post-thumb-->\n                    <header class=\"entry-header \">\n            <div class=\"entry-meta\">\n                <a href=\"https:\/\/zszastavka.cz\/?p=27047\">\n                    <span class=\"day-month\">\n                        <span class=\"day\">\n                            10                        <\/span>\n                    <\/span>\n                    <span class=\"year\"><!--editing code? don't be confused it is actually month-->\n                        B\u0159e                    <\/span>\n                <\/a>\n            <\/div><!-- .entry-meta -->\n        <\/header><!-- .entry-header -->\n        <div class=\"entry-content\">\n            <div class=\"entry-header-title\">\n                <h2 class=\"entry-title\"><a href=\"https:\/\/zszastavka.cz\/?p=27047\" rel=\"bookmark\">Jedn\u00e1n\u00ed \u0161kolsk\u00e9 rady<\/a><\/h2>            <\/div>\n            <p>V pond\u011bl\u00ed 9. b\u0159ezna 2026 jednala \u0161kolsk\u00e1 rada z\u00e1kladn\u00ed \u0161koly.<\/p>\n                <a class=\"btn btn-primary\" href=\"https:\/\/zszastavka.cz\/?p=27047 \">\n                    \u010c\u00edst v\u00edce                <\/a>\n                        <\/div><!-- .entry-content -->\n    <\/div>\n<\/article><!-- #post-## -->                                <\/div>\n                                                                <div class=\"blog-item-wrapper init-animate slideInUp1 col-sm-12 col-md-4 col-sm-12 col-md-4\">\n                                    <article id=\"post-27058\" class=\"init-animate slideInUp1 post-27058 post type-post status-publish format-standard has-post-thumbnail hentry category-skolska-rada\">\n    <div class=\"content-wrapper\">\n                    <!--post thumbnal options-->\n            <div class=\"post-thumb\">\n                <a href=\"https:\/\/zszastavka.cz\/?p=27058\">\n                    <img loading=\"lazy\" decoding=\"async\" width=\"640\" height=\"640\" src=\"https:\/\/zszastavka.cz\/wp-content\/uploads\/2026\/01\/Gemini_Generated_Image_Podani-1024x1024.png\" class=\"attachment-large size-large wp-post-image\" alt=\"\" srcset=\"https:\/\/zszastavka.cz\/wp-content\/uploads\/2026\/01\/Gemini_Generated_Image_Podani-1024x1024.png 1024w, https:\/\/zszastavka.cz\/wp-content\/uploads\/2026\/01\/Gemini_Generated_Image_Podani-300x300.png 300w, https:\/\/zszastavka.cz\/wp-content\/uploads\/2026\/01\/Gemini_Generated_Image_Podani-150x150.png 150w\" sizes=\"auto, (max-width: 640px) 100vw, 640px\" \/>                <\/a>\n            <\/div><!-- .post-thumb-->\n                    <header class=\"entry-header \">\n            <div class=\"entry-meta\">\n                <a href=\"https:\/\/zszastavka.cz\/?p=27058\">\n                    <span class=\"day-month\">\n                        <span class=\"day\">\n                            1                        <\/span>\n                    <\/span>\n                    <span class=\"year\"><!--editing code? don't be confused it is actually month-->\n                        Led                    <\/span>\n                <\/a>\n            <\/div><!-- .entry-meta -->\n        <\/header><!-- .entry-header -->\n        <div class=\"entry-content\">\n            <div class=\"entry-header-title\">\n                <h2 class=\"entry-title\"><a href=\"https:\/\/zszastavka.cz\/?p=27058\" rel=\"bookmark\">Pod\u00e1n\u00ed a vy\u0159izov\u00e1n\u00ed podn\u011bt\u016f \u0160R<\/a><\/h2>            <\/div>\n            <p>V souladu s \u00a7 168 odst. 2 z\u00e1kona \u010d. 561\/2004 Sb. (\u0161kolsk\u00fd z\u00e1kon) zve\u0159ej\u0148uje \u0161kolsk\u00e1 rada (\u0160R) postup pro pod\u00e1v\u00e1n\u00ed a vy\u0159izov\u00e1n\u00ed podn\u011bt\u016f, ozn\u00e1men\u00ed a st\u00ed\u017enost\u00ed.<\/p>\n                <a class=\"btn btn-primary\" href=\"https:\/\/zszastavka.cz\/?p=27058 \">\n                    \u010c\u00edst v\u00edce                <\/a>\n                        <\/div><!-- .entry-content -->\n    <\/div>\n<\/article><!-- #post-## -->                                <\/div>\n                                                                <div class=\"blog-item-wrapper init-animate slideInUp1 col-sm-12 col-md-4 col-sm-12 col-md-4 col-sm-12 col-md-4\">\n                                    <article id=\"post-24434\" class=\"init-animate slideInUp1 post-24434 post type-post status-publish format-standard has-post-thumbnail hentry category-2025-2026 category-novinky category-skolska-rada tag-sr tag-zs\">\n    <div class=\"content-wrapper\">\n                    <!--post thumbnal options-->\n            <div class=\"post-thumb\">\n                <a href=\"https:\/\/zszastavka.cz\/?p=24434\">\n                    <img loading=\"lazy\" decoding=\"async\" width=\"640\" height=\"405\" src=\"https:\/\/zszastavka.cz\/wp-content\/uploads\/2020\/04\/budovy006-1024x648.jpg\" class=\"attachment-large size-large wp-post-image\" alt=\"\" \/>                <\/a>\n            <\/div><!-- .post-thumb-->\n                    <header class=\"entry-header \">\n            <div class=\"entry-meta\">\n                <a href=\"https:\/\/zszastavka.cz\/?p=24434\">\n                    <span class=\"day-month\">\n                        <span class=\"day\">\n                            10                        <\/span>\n                    <\/span>\n                    <span class=\"year\"><!--editing code? don't be confused it is actually month-->\n                        Lis                    <\/span>\n                <\/a>\n            <\/div><!-- .entry-meta -->\n        <\/header><!-- .entry-header -->\n        <div class=\"entry-content\">\n            <div class=\"entry-header-title\">\n                <h2 class=\"entry-title\"><a href=\"https:\/\/zszastavka.cz\/?p=24434\" rel=\"bookmark\">Jedn\u00e1n\u00ed \u0161kolsk\u00e9 rady<\/a><\/h2>            <\/div>\n            <p>V pond\u011bl\u00ed 13. \u0159\u00edjna 2025 jednala \u0161kolsk\u00e1 rada z\u00e1kladn\u00ed \u0161koly.<\/p>\n                <a class=\"btn btn-primary\" href=\"https:\/\/zszastavka.cz\/?p=24434 \">\n                    \u010c\u00edst v\u00edce                <\/a>\n                        <\/div><!-- .entry-content -->\n    <\/div>\n<\/article><!-- #post-## -->                                <\/div>\n                                <div class='clearfix'><\/div>                                <div class=\"blog-item-wrapper init-animate slideInUp1 col-sm-12 col-md-4 col-sm-12 col-md-4 col-sm-12 col-md-4 col-sm-12 col-md-4\">\n                                    <article id=\"post-21594\" class=\"init-animate slideInUp1 post-21594 post type-post status-publish format-standard has-post-thumbnail hentry category-2024-2025 category-novinky category-skolska-rada tag-dokumenty tag-sr tag-zs\">\n    <div class=\"content-wrapper\">\n                    <!--post thumbnal options-->\n            <div class=\"post-thumb\">\n                <a href=\"https:\/\/zszastavka.cz\/?p=21594\">\n                    <img loading=\"lazy\" decoding=\"async\" width=\"640\" height=\"405\" src=\"https:\/\/zszastavka.cz\/wp-content\/uploads\/2020\/04\/budovy006-1024x648.jpg\" class=\"attachment-large size-large wp-post-image\" alt=\"\" \/>                <\/a>\n            <\/div><!-- .post-thumb-->\n                    <header class=\"entry-header \">\n            <div class=\"entry-meta\">\n                <a href=\"https:\/\/zszastavka.cz\/?p=21594\">\n                    <span class=\"day-month\">\n                        <span class=\"day\">\n                            21                        <\/span>\n                    <\/span>\n                    <span class=\"year\"><!--editing code? don't be confused it is actually month-->\n                        \u0158\u00edj                    <\/span>\n                <\/a>\n            <\/div><!-- .entry-meta -->\n        <\/header><!-- .entry-header -->\n        <div class=\"entry-content\">\n            <div class=\"entry-header-title\">\n                <h2 class=\"entry-title\"><a href=\"https:\/\/zszastavka.cz\/?p=21594\" rel=\"bookmark\">Jedn\u00e1n\u00ed \u0161kolsk\u00e9 rady<\/a><\/h2>            <\/div>\n            <p>V pond\u011bl\u00ed 14. \u0159\u00edjna 2024 jednala \u0161kolsk\u00e1 rada.<\/p>\n                <a class=\"btn btn-primary\" href=\"https:\/\/zszastavka.cz\/?p=21594 \">\n                    \u010c\u00edst v\u00edce                <\/a>\n                        <\/div><!-- .entry-content -->\n    <\/div>\n<\/article><!-- #post-## -->                                <\/div>\n                                                                <div class=\"blog-item-wrapper init-animate slideInUp1 col-sm-12 col-md-4 col-sm-12 col-md-4 col-sm-12 col-md-4 col-sm-12 col-md-4 col-sm-12 col-md-4\">\n                                    <article id=\"post-20780\" class=\"init-animate slideInUp1 post-20780 post type-post status-publish format-standard has-post-thumbnail hentry category-2023-2024 category-aktualne category-novinky category-skolska-rada category-uredni-deska tag-sr tag-uredni-deska tag-zs\">\n    <div class=\"content-wrapper\">\n                    <!--post thumbnal options-->\n            <div class=\"post-thumb\">\n                <a href=\"https:\/\/zszastavka.cz\/?p=20780\">\n                    <img loading=\"lazy\" decoding=\"async\" width=\"640\" height=\"640\" src=\"https:\/\/zszastavka.cz\/wp-content\/uploads\/2024\/06\/Gemini_Generated_Image-1024x1024.png\" class=\"attachment-large size-large wp-post-image\" alt=\"\" srcset=\"https:\/\/zszastavka.cz\/wp-content\/uploads\/2024\/06\/Gemini_Generated_Image-1024x1024.png 1024w, https:\/\/zszastavka.cz\/wp-content\/uploads\/2024\/06\/Gemini_Generated_Image-300x300.png 300w, https:\/\/zszastavka.cz\/wp-content\/uploads\/2024\/06\/Gemini_Generated_Image-150x150.png 150w\" sizes=\"auto, (max-width: 640px) 100vw, 640px\" \/>                <\/a>\n            <\/div><!-- .post-thumb-->\n                    <header class=\"entry-header \">\n            <div class=\"entry-meta\">\n                <a href=\"https:\/\/zszastavka.cz\/?p=20780\">\n                    <span class=\"day-month\">\n                        <span class=\"day\">\n                            28                        <\/span>\n                    <\/span>\n                    <span class=\"year\"><!--editing code? don't be confused it is actually month-->\n                        \u010cvn                    <\/span>\n                <\/a>\n            <\/div><!-- .entry-meta -->\n        <\/header><!-- .entry-header -->\n        <div class=\"entry-content\">\n            <div class=\"entry-header-title\">\n                <h2 class=\"entry-title\"><a href=\"https:\/\/zszastavka.cz\/?p=20780\" rel=\"bookmark\">Kompletn\u00ed v\u00fdsledky voleb do \u0161kolsk\u00e9 rady 2024<\/a><\/h2>            <\/div>\n            <p>V&nbsp;souladu s&nbsp;volebn\u00edm \u0159\u00e1dem vydan\u00fdm Zastupitelstvem obce Zast\u00e1vka dne 18.&nbsp;5.&nbsp;2005 vyhla\u0161uji kompletn\u00ed v\u00fdsledky voleb do \u0161kolsk\u00e9 rady Z\u00e1kladn\u00ed \u0161koly a Mate\u0159sk\u00e9 \u0161koly T. G. Masaryka Zast\u00e1vka, p\u0159\u00edsp\u011bvkov\u00e1 organizace.<\/p>\n                <a class=\"btn btn-primary\" href=\"https:\/\/zszastavka.cz\/?p=20780 \">\n                    \u010c\u00edst v\u00edce                <\/a>\n                        <\/div><!-- .entry-content -->\n    <\/div>\n<\/article><!-- #post-## -->                                <\/div>\n                                                                <div class=\"blog-item-wrapper init-animate slideInUp1 col-sm-12 col-md-4 col-sm-12 col-md-4 col-sm-12 col-md-4 col-sm-12 col-md-4 col-sm-12 col-md-4 col-sm-12 col-md-4\">\n                                    <article id=\"post-20299\" class=\"init-animate slideInUp1 post-20299 post type-post status-publish format-standard has-post-thumbnail hentry category-2023-2024 category-kalendar-akci category-novinky category-skolska-rada tag-kalendar tag-sr tag-zs\">\n    <div class=\"content-wrapper\">\n                    <!--post thumbnal options-->\n            <div class=\"post-thumb\">\n                <a href=\"https:\/\/zszastavka.cz\/?p=20299\">\n                    <img loading=\"lazy\" decoding=\"async\" width=\"640\" height=\"426\" src=\"https:\/\/zszastavka.cz\/wp-content\/uploads\/2024\/05\/volby_SR.jpg\" class=\"attachment-large size-large wp-post-image\" alt=\"\" srcset=\"https:\/\/zszastavka.cz\/wp-content\/uploads\/2024\/05\/volby_SR.jpg 1012w, https:\/\/zszastavka.cz\/wp-content\/uploads\/2024\/05\/volby_SR-768x511.jpg 768w, https:\/\/zszastavka.cz\/wp-content\/uploads\/2024\/05\/volby_SR-272x182.jpg 272w\" sizes=\"auto, (max-width: 640px) 100vw, 640px\" \/>                <\/a>\n            <\/div><!-- .post-thumb-->\n                    <header class=\"entry-header \">\n            <div class=\"entry-meta\">\n                <a href=\"https:\/\/zszastavka.cz\/?p=20299\">\n                    <span class=\"day-month\">\n                        <span class=\"day\">\n                            10                        <\/span>\n                    <\/span>\n                    <span class=\"year\"><!--editing code? don't be confused it is actually month-->\n                        \u010cvn                    <\/span>\n                <\/a>\n            <\/div><!-- .entry-meta -->\n        <\/header><!-- .entry-header -->\n        <div class=\"entry-content\">\n            <div class=\"entry-header-title\">\n                <h2 class=\"entry-title\"><a href=\"https:\/\/zszastavka.cz\/?p=20299\" rel=\"bookmark\">Volby do \u0161kolsk\u00e9 rady (dopln\u011bno o kandid\u00e1ty)<\/a><\/h2>            <\/div>\n            <p>Na z\u00e1klad\u011b \u00a7 167 odst. 4 z\u00e1kona 561\/2004 Sb. ve zn\u011bn\u00ed pozd\u011bj\u0161\u00edch p\u0159edpis\u016f a na z\u00e1klad\u011b usnesen\u00ed Zastupitelstva obce Zast\u00e1vka ze dne 18. 5. 2005 vyhla\u0161uji volby do \u0161kolsk\u00e9 rady Z\u00e1kladn\u00ed \u0161koly a Mate\u0159sk\u00e9 \u0161koly T. G. Masaryka Zast\u00e1vka, p\u0159\u00edsp\u011bvkov\u00e1 organizace.<\/p>\n                <a class=\"btn btn-primary\" href=\"https:\/\/zszastavka.cz\/?p=20299 \">\n                    \u010c\u00edst v\u00edce                <\/a>\n                        <\/div><!-- .entry-content -->\n    <\/div>\n<\/article><!-- #post-## -->                                <\/div>\n                                <div class='clearfix'><\/div>                    <\/div>\n                <\/div>\n            <\/section>\n            <\/div><\/div><\/div><\/div>","protected":false},"excerpt":{"rendered":"<p>10 B\u0159e Jedn\u00e1n\u00ed \u0161kolsk\u00e9 rady V pond\u011bl\u00ed 9. b\u0159ezna 2026 jednala \u0161kolsk\u00e1 rada z\u00e1kladn\u00ed \u0161koly. \u010c\u00edst v\u00edce 1 Led Pod\u00e1n\u00ed a vy\u0159izov\u00e1n\u00ed podn\u011bt\u016f \u0160R V souladu s \u00a7 168 odst. 2 z\u00e1kona \u010d. 561\/2004 Sb. (\u0161kolsk\u00fd z\u00e1kon) zve\u0159ej\u0148uje \u0161kolsk\u00e1 rada (\u0160R) postup pro pod\u00e1v\u00e1n\u00ed a vy\u0159izov\u00e1n\u00ed podn\u011bt\u016f, ozn\u00e1men\u00ed a st\u00ed\u017enost\u00ed. \u010c\u00edst v\u00edce 10 Lis Jedn\u00e1n\u00ed&hellip;<\/p>\n","protected":false},"author":1,"featured_media":0,"parent":235,"menu_order":10,"comment_status":"closed","ping_status":"closed","template":"","meta":{"footnotes":""},"class_list":["post-20330","page","type-page","status-publish","hentry"],"_links":{"self":[{"href":"https:\/\/zszastavka.cz\/index.php?rest_route=\/wp\/v2\/pages\/20330","targetHints":{"allow":["GET"]}}],"collection":[{"href":"https:\/\/zszastavka.cz\/index.php?rest_route=\/wp\/v2\/pages"}],"about":[{"href":"https:\/\/zszastavka.cz\/index.php?rest_route=\/wp\/v2\/types\/page"}],"author":[{"embeddable":true,"href":"https:\/\/zszastavka.cz\/index.php?rest_route=\/wp\/v2\/users\/1"}],"replies":[{"embeddable":true,"href":"https:\/\/zszastavka.cz\/index.php?rest_route=%2Fwp%2Fv2%2Fcomments&post=20330"}],"version-history":[{"count":11,"href":"https:\/\/zszastavka.cz\/index.php?rest_route=\/wp\/v2\/pages\/20330\/revisions"}],"predecessor-version":[{"id":27051,"href":"https:\/\/zszastavka.cz\/index.php?rest_route=\/wp\/v2\/pages\/20330\/revisions\/27051"}],"up":[{"embeddable":true,"href":"https:\/\/zszastavka.cz\/index.php?rest_route=\/wp\/v2\/pages\/235"}],"wp:attachment":[{"href":"https:\/\/zszastavka.cz\/index.php?rest_route=%2Fwp%2Fv2%2Fmedia&parent=20330"}],"curies":[{"name":"wp","href":"https:\/\/api.w.org\/{rel}","templated":true}]}}