{"id":17621,"date":"2023-08-16T12:27:24","date_gmt":"2023-08-16T10:27:24","guid":{"rendered":"https:\/\/zszastavka.cz\/?page_id=17621"},"modified":"2023-08-16T16:13:56","modified_gmt":"2023-08-16T14:13:56","slug":"ochrana-oznamovatelu","status":"publish","type":"page","link":"https:\/\/zszastavka.cz\/?page_id=17621","title":{"rendered":"Ochrana oznamovatel\u016f"},"content":{"rendered":"\n<h2 class=\"wp-block-heading\">Informace k ochran\u011b oznamovatel\u016f<\/h2>\n\n\n\n<p>V&nbsp;souladu se z\u00e1konem \u010d. <a href=\"https:\/\/www.zakonyprolidi.cz\/cs\/2023-171\">171\/2023<\/a> Sb., o ochran\u011b oznamovatel\u016f, zavedla Z\u00e1kladn\u00ed \u0161kola a Mate\u0159sk\u00e1 \u0161kola T. G. Masaryka Zast\u00e1vka, p\u0159\u00edsp\u011bvkov\u00e1 organizace, vnit\u0159n\u00ed oznamovac\u00ed syst\u00e9m k&nbsp;pod\u00e1v\u00e1n\u00ed, vy\u0159izov\u00e1n\u00ed a pro\u0161et\u0159ov\u00e1n\u00ed ozn\u00e1men\u00ed, na kter\u00e9 se citovan\u00fd pr\u00e1vn\u00ed p\u0159edpis vztahuje. Sou\u010dasn\u011b s&nbsp;t\u00edm je ur\u010dena tzv. P\u0159\u00edslu\u0161n\u00e1 osoba, odpov\u011bdn\u00e1 za p\u0159\u00edjem, posuzov\u00e1n\u00ed a pro\u0161et\u0159ov\u00e1n\u00ed p\u0159ijat\u00fdch ozn\u00e1men\u00ed a za komunikaci s&nbsp;oznamovatelem. Pro zaru\u010den\u00ed nestrannosti a efektivity prov\u011b\u0159ov\u00e1n\u00ed p\u0159ijat\u00fdch ozn\u00e1men\u00ed, je \u010dinnost P\u0159\u00edslu\u0161n\u00e9 osoby zaji\u0161t\u011bna extern\u00edm subjektem, stoj\u00edc\u00edm zcela mimo struktury na\u0161\u00ed organizace.<\/p>\n\n\n\n<p>Identifika\u010dn\u00ed \u00fadaje<strong> P\u0159\u00edslu\u0161n\u00e9 osoby:<\/strong><\/p>\n\n\n\n<p><strong>Ing. Igor Proseck\u00fd<\/strong> (kontaktn\u00ed \u00fadaje jsou uvedeny n\u00ed\u017ee)<\/p>\n\n\n\n<p><strong>Sv\u00e1 ozn\u00e1men\u00ed m\u016f\u017eete podat t\u011bmito zp\u016fsoby:<\/strong><strong><\/strong><\/p>\n\n\n\n<ul class=\"wp-block-list\">\n<li class=\"has-small-font-size\"><strong>telefonicky<\/strong> na \u010d\u00edslo &nbsp;&nbsp; +420&nbsp;544&nbsp;520 022<\/li>\n<\/ul>\n\n\n\n<p><em>Linka je obsluhov\u00e1na v&nbsp;pracovn\u00ed dny v&nbsp;\u010dase 08:00 \u2013 16:00 hod. <u>Upozorn\u011bn\u00ed:<\/u> z&nbsp;telefonick\u00e9ho hovoru je po\u0159izov\u00e1n zvukov\u00fd z\u00e1znam. V&nbsp;p\u0159\u00edpad\u011b, \u017ee si po\u0159\u00edzen\u00ed z\u00e1znamu nep\u0159ejete, p\u0159i zah\u00e1jen\u00ed hovoru tuto skute\u010dnost oznamte.<\/em><\/p>\n\n\n\n<ul class=\"wp-block-list\">\n<li class=\"has-small-font-size\"><strong>e-mailem<\/strong> na adresu:&nbsp; <a href=\"mailto:oznamovatel@i3c.cz\">oznamovatel@i3c.cz<\/a><\/li>\n\n\n\n<li class=\"has-small-font-size\"><strong>p\u00edsemn\u011b<\/strong> na adresu:&nbsp;&nbsp; Ing. Igor Proseck\u00fd, I3 Consultants, Scheinerova 1570\/6, 628 00 Brno<\/li>\n<\/ul>\n\n\n\n<p><em>Ob\u00e1lku ozna\u010dte pozn\u00e1mkou \u201eP\u0159\u00edslu\u0161n\u00e1 osoba\u201c<\/em><\/p>\n\n\n\n<ul class=\"wp-block-list\">\n<li class=\"has-small-font-size\"><strong>osobn\u00edm setk\u00e1n\u00edm<\/strong> na konkr\u00e9tn\u00edm m\u00edst\u011b dle vz\u00e1jemn\u00e9 domluvy s&nbsp;P\u0159\u00edslu\u0161nou osobou<\/li>\n\n\n\n<li class=\"has-small-font-size\">prost\u0159ednictv\u00edm elektronick\u00e9ho formul\u00e1\u0159e <strong>vnit\u0159n\u00edho oznamovac\u00edho syst\u00e9mu<\/strong>, kter\u00fd je p\u0159\u00edstupn\u00fd <a href=\"https:\/\/oznamovatel.i3c.cz\/\"><strong>zde<\/strong><\/a><strong>.<\/strong><\/li>\n<\/ul>\n\n\n\n<p><strong>Kategorie osob, jim\u017e je n\u00e1\u0161 oznamovac\u00ed syst\u00e9m ur\u010den<\/strong><\/p>\n\n\n\n<p>V&nbsp;r\u00e1mci vnit\u0159n\u00edho oznamovac\u00edho syst\u00e9mu p\u0159ij\u00edm\u00e1me ozn\u00e1men\u00ed od n\u00ed\u017ee uveden\u00fdch kategori\u00ed osob:<\/p>\n\n\n\n<ul class=\"wp-block-list\">\n<li>zam\u011bstnanci na\u0161\u00ed organizace, v\u010detn\u011b osob vykon\u00e1vaj\u00edc\u00edch pr\u00e1ci na z\u00e1klad\u011b dohody o pr\u00e1ci konan\u00e9 mimo pracovn\u00ed pom\u011br (DPP, DP\u010c),<\/li>\n\n\n\n<li>uchaze\u010di o zam\u011bstn\u00e1n\u00ed v&nbsp;na\u0161\u00ed organizaci, bez ohledu na v\u00fdsledek v\u00fdb\u011brov\u00e9ho \u0159\u00edzen\u00ed<\/li>\n\n\n\n<li>osoby prov\u00e1d\u011bj\u00edc\u00ed v&nbsp;na\u0161\u00ed organizaci nebo jej\u00edm jm\u00e9nem dobrovolnickou \u010dinnost<\/li>\n\n\n\n<li>osoby vykon\u00e1vaj\u00edc\u00ed v&nbsp;na\u0161\u00ed organizaci odbornou praxi nebo st\u00e1\u017e<\/li>\n\n\n\n<li>osoba vykon\u00e1vaj\u00edc\u00ed samostatn\u011b v\u00fdd\u011ble\u010dnou \u010dinnost<\/li>\n\n\n\n<li>osoba&nbsp;vykon\u00e1vaj\u00edc\u00ed pr\u00e1va spojen\u00fdch s \u00fa\u010dast\u00ed v pr\u00e1vnick\u00e9 osob\u011b<\/li>\n\n\n\n<li>osoba&nbsp;vykon\u00e1vaj\u00edc\u00ed funkci \u010dlena org\u00e1nu pr\u00e1vnick\u00e9 osoby<\/li>\n\n\n\n<li>osoba&nbsp;pln\u00edc\u00ed \u00fakoly v r\u00e1mci \u010dinnosti pr\u00e1vnick\u00e9 osoby, v jej\u00edm z\u00e1jmu, jej\u00edm jm\u00e9nem nebo na jej\u00ed \u00fa\u010det<\/li>\n\n\n\n<li>osoba&nbsp;vykon\u00e1vaj\u00edc\u00ed spr\u00e1vu sv\u011b\u0159ensk\u00e9ho fondu<\/li>\n\n\n\n<li>osoba maj\u00edc\u00ed pr\u00e1va a povinnosti vypl\u00fdvaj\u00edc\u00ed ze smlouvy, jej\u00edm\u017e p\u0159edm\u011btem je poskytov\u00e1n\u00ed dod\u00e1vek, slu\u017eeb, stavebn\u00edch prac\u00ed nebo jin\u00e9ho obdobn\u00e9ho pln\u011bn\u00ed.<\/li>\n<\/ul>\n\n\n\n<p><strong>Oznamovac\u00ed syst\u00e9m Ministerstva spravedlnosti<\/strong><\/p>\n\n\n\n<p>V&nbsp;p\u0159\u00edpad\u011b, \u017ee se rozhodnete sv\u00e9 ozn\u00e1men\u00ed \u0159e\u0161it mimo n\u00e1mi z\u0159\u00edzen\u00fd vnit\u0159n\u00ed oznamovac\u00ed syst\u00e9m, lze jej podat prost\u0159ednictv\u00edm oznamovac\u00edho syst\u00e9mu spravovan\u00e9ho Ministerstvem spravedlnosti \u010cR, kter\u00fd je dostupn\u00fd <a href=\"https:\/\/oznamovatel.justice.cz\/chci-podat-oznameni\/\"><strong>zde<\/strong><\/a>.<\/p>\n","protected":false},"excerpt":{"rendered":"<p>Informace k ochran\u011b oznamovatel\u016f V&nbsp;souladu se z\u00e1konem \u010d. 171\/2023 Sb., o ochran\u011b oznamovatel\u016f, zavedla Z\u00e1kladn\u00ed \u0161kola a Mate\u0159sk\u00e1 \u0161kola T. G. Masaryka Zast\u00e1vka, p\u0159\u00edsp\u011bvkov\u00e1 organizace, vnit\u0159n\u00ed oznamovac\u00ed syst\u00e9m k&nbsp;pod\u00e1v\u00e1n\u00ed, vy\u0159izov\u00e1n\u00ed a pro\u0161et\u0159ov\u00e1n\u00ed ozn\u00e1men\u00ed, na kter\u00e9 se citovan\u00fd pr\u00e1vn\u00ed p\u0159edpis vztahuje. Sou\u010dasn\u011b s&nbsp;t\u00edm je ur\u010dena tzv. P\u0159\u00edslu\u0161n\u00e1 osoba, odpov\u011bdn\u00e1 za p\u0159\u00edjem, posuzov\u00e1n\u00ed a pro\u0161et\u0159ov\u00e1n\u00ed p\u0159ijat\u00fdch ozn\u00e1men\u00ed&hellip;<\/p>\n","protected":false},"author":1,"featured_media":0,"parent":4231,"menu_order":99,"comment_status":"closed","ping_status":"closed","template":"","meta":{"footnotes":""},"class_list":["post-17621","page","type-page","status-publish","hentry"],"_links":{"self":[{"href":"https:\/\/zszastavka.cz\/index.php?rest_route=\/wp\/v2\/pages\/17621","targetHints":{"allow":["GET"]}}],"collection":[{"href":"https:\/\/zszastavka.cz\/index.php?rest_route=\/wp\/v2\/pages"}],"about":[{"href":"https:\/\/zszastavka.cz\/index.php?rest_route=\/wp\/v2\/types\/page"}],"author":[{"embeddable":true,"href":"https:\/\/zszastavka.cz\/index.php?rest_route=\/wp\/v2\/users\/1"}],"replies":[{"embeddable":true,"href":"https:\/\/zszastavka.cz\/index.php?rest_route=%2Fwp%2Fv2%2Fcomments&post=17621"}],"version-history":[{"count":3,"href":"https:\/\/zszastavka.cz\/index.php?rest_route=\/wp\/v2\/pages\/17621\/revisions"}],"predecessor-version":[{"id":17624,"href":"https:\/\/zszastavka.cz\/index.php?rest_route=\/wp\/v2\/pages\/17621\/revisions\/17624"}],"up":[{"embeddable":true,"href":"https:\/\/zszastavka.cz\/index.php?rest_route=\/wp\/v2\/pages\/4231"}],"wp:attachment":[{"href":"https:\/\/zszastavka.cz\/index.php?rest_route=%2Fwp%2Fv2%2Fmedia&parent=17621"}],"curies":[{"name":"wp","href":"https:\/\/api.w.org\/{rel}","templated":true}]}}

Ochrana oznamovatelů

<h2 class="wp-block-heading">Informace k ochraně oznamovatelů</h2>



<p>V&nbsp;souladu se zákonem č. <a href="https://www.zakonyprolidi.cz/cs/2023-171">171/2023</a> Sb., o ochraně oznamovatelů, zavedla Základní škola a Mateřská škola T. G. Masaryka Zastávka, příspěvková organizace, vnitřní oznamovací systém k&nbsp;podávání, vyřizování a prošetřování oznámení, na které se citovaný právní předpis vztahuje. Současně s&nbsp;tím je určena tzv. Příslušná osoba, odpovědná za příjem, posuzování a prošetřování přijatých oznámení a za komunikaci s&nbsp;oznamovatelem. Pro zaručení nestrannosti a efektivity prověřování přijatých oznámení, je činnost Příslušné osoby zajištěna externím subjektem, stojícím zcela mimo struktury naší organizace.</p>



<p>Identifikační údaje<strong> Příslušné osoby:</strong></p>



<p><strong>Ing. Igor Prosecký</strong> (kontaktní údaje jsou uvedeny níže)</p>



<p><strong>Svá oznámení můžete podat těmito způsoby:</strong><strong></strong></p>



<ul class="wp-block-list">
<li class="has-small-font-size"><strong>telefonicky</strong> na číslo &nbsp;&nbsp; +420&nbsp;544&nbsp;520 022</li>
</ul>



<p><em>Linka je obsluhována v&nbsp;pracovní dny v&nbsp;čase 08:00 – 16:00 hod. <u>Upozornění:</u> z&nbsp;telefonického hovoru je pořizován zvukový záznam. V&nbsp;případě, že si pořízení záznamu nepřejete, při zahájení hovoru tuto skutečnost oznamte.</em></p>



<ul class="wp-block-list">
<li class="has-small-font-size"><strong>e-mailem</strong> na adresu:&nbsp; <a href="mailto:oznamovatel@i3c.cz">oznamovatel@i3c.cz</a></li>



<li class="has-small-font-size"><strong>písemně</strong> na adresu:&nbsp;&nbsp; Ing. Igor Prosecký, I3 Consultants, Scheinerova 1570/6, 628 00 Brno</li>
</ul>



<p><em>Obálku označte poznámkou „Příslušná osoba“</em></p>



<ul class="wp-block-list">
<li class="has-small-font-size"><strong>osobním setkáním</strong> na konkrétním místě dle vzájemné domluvy s&nbsp;Příslušnou osobou</li>



<li class="has-small-font-size">prostřednictvím elektronického formuláře <strong>vnitřního oznamovacího systému</strong>, který je přístupný <a href="https://oznamovatel.i3c.cz/"><strong>zde</strong></a><strong>.</strong></li>
</ul>



<p><strong>Kategorie osob, jimž je náš oznamovací systém určen</strong></p>



<p>V&nbsp;rámci vnitřního oznamovacího systému přijímáme oznámení od níže uvedených kategorií osob:</p>



<ul class="wp-block-list">
<li>zaměstnanci naší organizace, včetně osob vykonávajících práci na základě dohody o práci konané mimo pracovní poměr (DPP, DPČ),</li>



<li>uchazeči o zaměstnání v&nbsp;naší organizaci, bez ohledu na výsledek výběrového řízení</li>



<li>osoby provádějící v&nbsp;naší organizaci nebo jejím jménem dobrovolnickou činnost</li>



<li>osoby vykonávající v&nbsp;naší organizaci odbornou praxi nebo stáž</li>



<li>osoba vykonávající samostatně výdělečnou činnost</li>



<li>osoba&nbsp;vykonávající práva spojených s účastí v právnické osobě</li>



<li>osoba&nbsp;vykonávající funkci člena orgánu právnické osoby</li>



<li>osoba&nbsp;plnící úkoly v rámci činnosti právnické osoby, v jejím zájmu, jejím jménem nebo na její účet</li>



<li>osoba&nbsp;vykonávající správu svěřenského fondu</li>



<li>osoba mající práva a povinnosti vyplývající ze smlouvy, jejímž předmětem je poskytování dodávek, služeb, stavebních prací nebo jiného obdobného plnění.</li>
</ul>



<p><strong>Oznamovací systém Ministerstva spravedlnosti</strong></p>



<p>V&nbsp;případě, že se rozhodnete své oznámení řešit mimo námi zřízený vnitřní oznamovací systém, lze jej podat prostřednictvím oznamovacího systému spravovaného Ministerstvem spravedlnosti ČR, který je dostupný <a href="https://oznamovatel.justice.cz/chci-podat-oznameni/"><strong>zde</strong></a>.</p>

<p>Informace k ochraně oznamovatelů V&nbsp;souladu se zákonem č. 171/2023 Sb., o ochraně oznamovatelů, zavedla Základní škola a Mateřská škola T. G. Masaryka Zastávka, příspěvková organizace, vnitřní oznamovací systém k&nbsp;podávání, vyřizování a prošetřování oznámení, na které se citovaný právní předpis vztahuje. Současně s&nbsp;tím je určena tzv. Příslušná osoba, odpovědná za příjem, posuzování a prošetřování přijatých oznámení&hellip;</p>
