{"id":10319,"date":"2021-11-11T11:40:06","date_gmt":"2021-11-11T10:40:06","guid":{"rendered":"https:\/\/zszastavka.cz\/?page_id=10319"},"modified":"2025-11-10T17:25:07","modified_gmt":"2025-11-10T16:25:07","slug":"skolni-druzina-2","status":"publish","type":"page","link":"https:\/\/zszastavka.cz\/?page_id=10319","title":{"rendered":"\u0160koln\u00ed dru\u017eina"},"content":{"rendered":"\n<p>\u0160koln\u00ed dru\u017eina je ned\u00edlnou \u010d\u00e1st\u00ed <strong>Z\u00e1kladn\u00ed \u0161koly a Mate\u0159sk\u00e9 \u0161koly T.&nbsp;G.&nbsp;Masaryka Zast\u00e1vka, p\u0159\u00edsp\u011bvkov\u00e9 organizace<\/strong>. Je sou\u010d\u00e1st\u00ed v\u00fdchovn\u011b-vzd\u011bl\u00e1vac\u00edho syst\u00e9mu, zabezpe\u010duje \u017e\u00e1k\u016fm n\u00e1pl\u0148 voln\u00e9ho \u010dasu v dob\u011b p\u0159ed a po \u0161koln\u00edm vyu\u010dov\u00e1n\u00ed. D\u011bti se zde v\u011bnuj\u00ed v\u00fdtvarn\u00e9, pracovn\u00ed, hudebn\u00ed, liter\u00e1rn\u00ed, pozn\u00e1vac\u00ed, pohybov\u00e9 i odpo\u010dinkov\u00e9 \u010dinnosti a hr\u00e1m. Pravideln\u00fd pohyb venku slou\u017e\u00ed k aktivn\u00ed relaxaci, rozv\u00edj\u00ed t\u011blesnou zdatnost a zru\u010dnost.<\/p>\n\n\n\n<p>Na\u0161e dru\u017eina m\u00e1 4 odd\u011blen\u00ed, s\u00eddl\u00ed v modern\u00ed budov\u011b CCV vedle mate\u0159sk\u00e9 \u0161koly a m\u016f\u017ee se pochlubit nov\u011b vybudovan\u00fdm h\u0159i\u0161t\u011bm. Vyu\u017e\u00edv\u00e1me tak\u00e9 \u0161koln\u00ed t\u011blocvi\u010dnu, fotbalov\u00e9 h\u0159i\u0161t\u011b, atletick\u00e9 h\u0159i\u0161t\u011b, \u0161koln\u00ed kuchy\u0148ku, po\u010d\u00edta\u010dovou u\u010debnu, hudebnu atp. K&nbsp;vych\u00e1zk\u00e1m a hr\u00e1m slou\u017e\u00ed lesopark za dru\u017einou i bl\u00edzk\u00e9 lesy.<\/p>\n\n\n\n<h2 class=\"wp-block-heading\"><strong>Provozn\u00ed doba \u0161koln\u00ed dru\u017einy<\/strong><\/h2>\n\n\n\n<p>Rann\u00ed dru\u017eina je zaji\u0161t\u011bna v \u0160D zelen\u00e9 v \u010dase 6.30\u20137.30 hodin.<\/p>\n\n\n\n<p><strong>Organizace odpoledn\u00ed \u0160D:<\/strong><\/p>\n\n\n\n<ul class=\"wp-block-list\">\n<li class=\"has-small-font-size\">11:30-13:30 VYZVED\u00c1V\u00c1N\u00cd D\u011aT\u00cd ZE \u0160D.<\/li>\n\n\n\n<li class=\"has-small-font-size\">13:30-15:00 Z\u00e1jmov\u00e1 \u010dinnost jednotliv\u00fdch odd\u011blen\u00ed (v\u00fdtvarn\u00e9 a pracovn\u00ed \u010dinnosti, sout\u011b\u017ee, nav\u0161t\u011bvujeme \u0161koln\u00ed kuchy\u0148ku, t\u011blocvi\u010dnu, chod\u00edme na proch\u00e1zky, na fotbalov\u00e9 h\u0159i\u0161t\u011b TJ\u010cechie, v&nbsp;zim\u011b bobovat, v&nbsp;l\u00e9t\u011b se koupeme na DDM, hrajeme hry v lese atp.)<\/li>\n\n\n\n<li class=\"has-small-font-size\">15:00-17:20 (p\u00e1tek 17:05) VYZVED\u00c1V\u00c1N\u00cd D\u011aT\u00cd ZE \u0160D<\/li>\n<\/ul>\n\n\n\n<p>Po 16 hod se sdru\u017euj\u00ed zbyl\u00e9 d\u011bti do \u0160D modr\u00e9.<\/p>\n\n\n\n<h2 class=\"wp-block-heading\"><strong>\u00daplata za \u0161koln\u00ed dru\u017einu<\/strong><\/h2>\n\n\n\n<p>Platba se prov\u00e1d\u00ed bezhotovostn\u011b bankovn\u00edm p\u0159evodem na \u00fa\u010det \u0161koly 107-6302390267\/0100. V tomto \u0161koln\u00edm roce \u010din\u00ed 300&nbsp;K\u010d a je splatn\u00e1 v\u017edy k 15. dni p\u0159\u00edslu\u0161n\u00e9ho m\u011bs\u00edce. Je nutn\u00e9 uv\u00e9st <strong>specifick\u00fd symbol 306<\/strong>, do zpr\u00e1vy pro p\u0159\u00edjemce <strong>vepsat jm\u00e9no d\u00edt\u011bte. <\/strong>Lze zaplatit \u010d\u00e1stku 300 K\u010d m\u011bs\u00ed\u010dn\u011b nebo 3000&nbsp;K\u010d za cel\u00fd \u0161koln\u00ed rok.<\/p>\n\n\n\n<h2 class=\"wp-block-heading\"><strong>P\u0159ihl\u00e1\u0161ka<\/strong><\/h2>\n\n\n\n<p>V pr\u016fb\u011bhu \u0161koln\u00edho roku je mo\u017eno se informovat a vyzvednout p\u0159ihl\u00e1\u0161ku u vychovatelek.<\/p>\n\n\n\n<p><strong>Vychovatelky mohou d\u00edt\u011b p\u0159edat pouze osob\u00e1m uveden\u00fdm v p\u0159ihl\u00e1\u0161ce<\/strong>, proto pros\u00edm d\u016fkladn\u011b zva\u017ete, koho pro sv\u00e9 d\u011bti budete pos\u00edlat (prarodi\u010de, sousedy, star\u0161\u00ed sourozence, kamar\u00e1dy star\u0161\u00edch sourozenc\u016f&#8230;). <strong>Jak\u00e9koli pozd\u011bj\u0161\u00ed zm\u011bny je t\u0159eba dolo\u017eit p\u00edsemn\u011b s datem a podpisem rodi\u010de, nikoli telefonicky nebo emailem.<\/strong><\/p>\n\n\n\n<h2 class=\"wp-block-heading\"><strong>Odhl\u00e1\u0161ka<\/strong><\/h2>\n\n\n\n<p>Odhl\u00e1sit \u017e\u00e1ka ze \u0161koln\u00ed dru\u017einy lze v pr\u016fb\u011bhu cel\u00e9ho roku, odhl\u00e1\u0161ku vyd\u00e1 vychovatelka&nbsp;na po\u017e\u00e1d\u00e1n\u00ed.<\/p>\n\n\n\n<h2 class=\"wp-block-heading\"><strong>Kapacita<\/strong><\/h2>\n\n\n\n<p>Kapacita Z\u00e1kladn\u00ed \u0161koly a Mate\u0159sk\u00e9 \u0161koly T. G. Masaryka v Zast\u00e1vce \u010din\u00ed 440 \u017e\u00e1k\u016f a kapacita \u0161koln\u00ed dru\u017einy, je\u017e je jej\u00ed sou\u010d\u00e1st\u00ed, \u010din\u00ed 120 \u017e\u00e1k\u016f.<\/p>\n\n\n\n<h2 class=\"wp-block-heading\"><strong>Kontakt<\/strong>y<\/h2>\n\n\n\n<p><strong>Telefon<\/strong>: 607 619 460<br><strong>IS Bakal\u00e1\u0159i\/Komens:<\/strong> <br>Pro ofici\u00e1ln\u00ed komukaci se \u0161kolou z\u00e1konn\u00ed z\u00e1stupci vyu\u017e\u00edvaj\u00ed zas\u00edl\u00e1n\u00ed zpr\u00e1v v <strong>IS Bakal\u00e1\u0159i\/Komens<\/strong>.<br>Postup: Poslat zpr\u00e1vu &#8211;&gt; Komu: u\u010ditel\u00e9 skupiny &#8211;&gt; \u0160koln\u00ed dru\u017eina.<\/p>\n\n\n\n<p><br>T\u0159\u00eddy \u0160D jsou ozna\u010deny na zvonc\u00edch u vchodu (\u0160D zelen\u00e1, \u0160D \u010derven\u00e1, \u0160D \u017elut\u00e1, \u0160D modr\u00e1).<br><strong>Rann\u00ed dru\u017eina<\/strong> je um\u00edst\u011bna v \u0160D zelen\u00e1.<br><strong>Po 16:00<\/strong> hod se v\u0161echna odd\u011blen\u00ed sdru\u017euj\u00ed v \u0160D modr\u00e1.<\/p>\n\n\n\n<h2 class=\"wp-block-heading\"><strong>Vychovatelky<\/strong><\/h2>\n\n\n\n<p class=\"has-text-align-left has-black-color has-vivid-green-cyan-background-color has-text-color has-background\"><strong>\u0160D zelen\u00e1 \u2013 <\/strong>Mgr. Michaela Ku\u010derov\u00e1 &#8211;\u00a0vedouc\u00ed \u0160D<\/p>\n\n\n\n<p class=\"has-white-color has-vivid-red-background-color has-text-color has-background\"><strong>\u0160D \u010derven\u00e1 \u2013 <\/strong>Olga Svobodov\u00e1<\/p>\n\n\n\n<p class=\"has-black-color has-luminous-vivid-amber-background-color has-text-color has-background\"><strong>\u0160D \u017elut\u00e1 \u2013 <\/strong>Lucie Pavl\u00edkovsk\u00e1<\/p>\n\n\n\n<p class=\"has-white-color has-vivid-cyan-blue-background-color has-text-color has-background\"><strong>\u0160D modr\u00e1 \u2013&nbsp;<\/strong>Mgr. Marcela Sedl\u00e1\u010dkov\u00e1<\/p>\n\n\n\n<hr class=\"wp-block-separator has-alpha-channel-opacity\"\/>\n\n\n\n<div class=\"wp-block-columns is-layout-flex wp-container-core-columns-is-layout-9d6595d7 wp-block-columns-is-layout-flex\">\n<div class=\"wp-block-column is-layout-flow wp-block-column-is-layout-flow\" style=\"flex-basis:100%\">\n<div class=\"wp-block-group\"><div class=\"wp-block-group__inner-container is-layout-constrained wp-block-group-is-layout-constrained\">\n<div class=\"wp-block-buttons is-horizontal is-content-justification-center is-nowrap is-layout-flex wp-container-core-buttons-is-layout-7c17ba18 wp-block-buttons-is-layout-flex\">\n<div class=\"wp-block-button has-custom-width wp-block-button__width-25\"><a class=\"wp-block-button__link has-vivid-red-color has-cyan-bluish-gray-background-color has-text-color has-background has-link-color has-small-font-size has-custom-font-size wp-element-button\" href=\"https:\/\/zszastavka.cz\/?page_id=17572\" style=\"border-radius:100px\">Fotogalerie \u0160D<\/a><\/div>\n\n\n\n<div class=\"wp-block-button has-custom-width wp-block-button__width-25\"><a class=\"wp-block-button__link has-black-color has-cyan-bluish-gray-background-color has-text-color has-background has-link-color has-small-font-size has-custom-font-size wp-element-button\" href=\"https:\/\/zszastavka.cz\/?page_id=20344\" style=\"border-radius:100px\">Dokumentace \u0160D<\/a><\/div>\n<\/div>\n<\/div><\/div>\n<\/div>\n<\/div>\n\n\n\n<div class=\"wp-block-columns is-layout-flex wp-container-core-columns-is-layout-9d6595d7 wp-block-columns-is-layout-flex\">\n<div class=\"wp-block-column is-layout-flow wp-block-column-is-layout-flow\" style=\"flex-basis:100%\"><\/div>\n<\/div>\n","protected":false},"excerpt":{"rendered":"<p>\u0160koln\u00ed dru\u017eina je ned\u00edlnou \u010d\u00e1st\u00ed Z\u00e1kladn\u00ed \u0161koly a Mate\u0159sk\u00e9 \u0161koly T.&nbsp;G.&nbsp;Masaryka Zast\u00e1vka, p\u0159\u00edsp\u011bvkov\u00e9 organizace. Je sou\u010d\u00e1st\u00ed v\u00fdchovn\u011b-vzd\u011bl\u00e1vac\u00edho syst\u00e9mu, zabezpe\u010duje \u017e\u00e1k\u016fm n\u00e1pl\u0148 voln\u00e9ho \u010dasu v dob\u011b p\u0159ed a po \u0161koln\u00edm vyu\u010dov\u00e1n\u00ed. D\u011bti se zde v\u011bnuj\u00ed v\u00fdtvarn\u00e9, pracovn\u00ed, hudebn\u00ed, liter\u00e1rn\u00ed, pozn\u00e1vac\u00ed, pohybov\u00e9 i odpo\u010dinkov\u00e9 \u010dinnosti a hr\u00e1m. Pravideln\u00fd pohyb venku slou\u017e\u00ed k aktivn\u00ed relaxaci, rozv\u00edj\u00ed t\u011blesnou zdatnost&hellip;<\/p>\n","protected":false},"author":2,"featured_media":542,"parent":0,"menu_order":1,"comment_status":"closed","ping_status":"closed","template":"","meta":{"footnotes":""},"class_list":["post-10319","page","type-page","status-publish","has-post-thumbnail","hentry"],"_links":{"self":[{"href":"https:\/\/zszastavka.cz\/index.php?rest_route=\/wp\/v2\/pages\/10319","targetHints":{"allow":["GET"]}}],"collection":[{"href":"https:\/\/zszastavka.cz\/index.php?rest_route=\/wp\/v2\/pages"}],"about":[{"href":"https:\/\/zszastavka.cz\/index.php?rest_route=\/wp\/v2\/types\/page"}],"author":[{"embeddable":true,"href":"https:\/\/zszastavka.cz\/index.php?rest_route=\/wp\/v2\/users\/2"}],"replies":[{"embeddable":true,"href":"https:\/\/zszastavka.cz\/index.php?rest_route=%2Fwp%2Fv2%2Fcomments&post=10319"}],"version-history":[{"count":49,"href":"https:\/\/zszastavka.cz\/index.php?rest_route=\/wp\/v2\/pages\/10319\/revisions"}],"predecessor-version":[{"id":24735,"href":"https:\/\/zszastavka.cz\/index.php?rest_route=\/wp\/v2\/pages\/10319\/revisions\/24735"}],"wp:featuredmedia":[{"embeddable":true,"href":"https:\/\/zszastavka.cz\/index.php?rest_route=\/wp\/v2\/media\/542"}],"wp:attachment":[{"href":"https:\/\/zszastavka.cz\/index.php?rest_route=%2Fwp%2Fv2%2Fmedia&parent=10319"}],"curies":[{"name":"wp","href":"https:\/\/api.w.org\/{rel}","templated":true}]}}

Školní družina

<p>Školní družina je nedílnou částí <strong>Základní školy a Mateřské školy T.&nbsp;G.&nbsp;Masaryka Zastávka, příspěvkové organizace</strong>. Je součástí výchovně-vzdělávacího systému, zabezpečuje žákům náplň volného času v době před a po školním vyučování. Děti se zde věnují výtvarné, pracovní, hudební, literární, poznávací, pohybové i odpočinkové činnosti a hrám. Pravidelný pohyb venku slouží k aktivní relaxaci, rozvíjí tělesnou zdatnost a zručnost.</p>



<p>Naše družina má 4 oddělení, sídlí v moderní budově CCV vedle mateřské školy a může se pochlubit nově vybudovaným hřištěm. Využíváme také školní tělocvičnu, fotbalové hřiště, atletické hřiště, školní kuchyňku, počítačovou učebnu, hudebnu atp. K&nbsp;vycházkám a hrám slouží lesopark za družinou i blízké lesy.</p>



<h2 class="wp-block-heading"><strong>Provozní doba školní družiny</strong></h2>



<p>Ranní družina je zajištěna v ŠD zelené v čase 6.30–7.30 hodin.</p>



<p><strong>Organizace odpolední ŠD:</strong></p>



<ul class="wp-block-list">
<li class="has-small-font-size">11:30-13:30 VYZVEDÁVÁNÍ DĚTÍ ZE ŠD.</li>



<li class="has-small-font-size">13:30-15:00 Zájmová činnost jednotlivých oddělení (výtvarné a pracovní činnosti, soutěže, navštěvujeme školní kuchyňku, tělocvičnu, chodíme na procházky, na fotbalové hřiště TJČechie, v&nbsp;zimě bobovat, v&nbsp;létě se koupeme na DDM, hrajeme hry v lese atp.)</li>



<li class="has-small-font-size">15:00-17:20 (pátek 17:05) VYZVEDÁVÁNÍ DĚTÍ ZE ŠD</li>
</ul>



<p>Po 16 hod se sdružují zbylé děti do ŠD modré.</p>



<h2 class="wp-block-heading"><strong>Úplata za školní družinu</strong></h2>



<p>Platba se provádí bezhotovostně bankovním převodem na účet školy 107-6302390267/0100. V tomto školním roce činí 300&nbsp;Kč a je splatná vždy k 15. dni příslušného měsíce. Je nutné uvést <strong>specifický symbol 306</strong>, do zprávy pro příjemce <strong>vepsat jméno dítěte. </strong>Lze zaplatit částku 300 Kč měsíčně nebo 3000&nbsp;Kč za celý školní rok.</p>



<h2 class="wp-block-heading"><strong>Přihláška</strong></h2>



<p>V průběhu školního roku je možno se informovat a vyzvednout přihlášku u vychovatelek.</p>



<p><strong>Vychovatelky mohou dítě předat pouze osobám uvedeným v přihlášce</strong>, proto prosím důkladně zvažte, koho pro své děti budete posílat (prarodiče, sousedy, starší sourozence, kamarády starších sourozenců&#8230;). <strong>Jakékoli pozdější změny je třeba doložit písemně s datem a podpisem rodiče, nikoli telefonicky nebo emailem.</strong></p>



<h2 class="wp-block-heading"><strong>Odhláška</strong></h2>



<p>Odhlásit žáka ze školní družiny lze v průběhu celého roku, odhlášku vydá vychovatelka&nbsp;na požádání.</p>



<h2 class="wp-block-heading"><strong>Kapacita</strong></h2>



<p>Kapacita Základní školy a Mateřské školy T. G. Masaryka v Zastávce činí 440 žáků a kapacita školní družiny, jež je její součástí, činí 120 žáků.</p>



<h2 class="wp-block-heading"><strong>Kontakt</strong>y</h2>



<p><strong>Telefon</strong>: 607 619 460<br><strong>IS Bakaláři/Komens:</strong> <br>Pro oficiální komukaci se školou zákonní zástupci využívají zasílání zpráv v <strong>IS Bakaláři/Komens</strong>.<br>Postup: Poslat zprávu &#8211;&gt; Komu: učitelé skupiny &#8211;&gt; Školní družina.</p>



<p><br>Třídy ŠD jsou označeny na zvoncích u vchodu (ŠD zelená, ŠD červená, ŠD žlutá, ŠD modrá).<br><strong>Ranní družina</strong> je umístěna v ŠD zelená.<br><strong>Po 16:00</strong> hod se všechna oddělení sdružují v ŠD modrá.</p>



<h2 class="wp-block-heading"><strong>Vychovatelky</strong></h2>



<p class="has-text-align-left has-black-color has-vivid-green-cyan-background-color has-text-color has-background"><strong>ŠD zelená – </strong>Mgr. Michaela Kučerová &#8211; vedoucí ŠD</p>



<p class="has-white-color has-vivid-red-background-color has-text-color has-background"><strong>ŠD červená – </strong>Olga Svobodová</p>



<p class="has-black-color has-luminous-vivid-amber-background-color has-text-color has-background"><strong>ŠD žlutá – </strong>Lucie Pavlíkovská</p>



<p class="has-white-color has-vivid-cyan-blue-background-color has-text-color has-background"><strong>ŠD modrá –&nbsp;</strong>Mgr. Marcela Sedláčková</p>



<hr class="wp-block-separator has-alpha-channel-opacity"/>



<div class="wp-block-columns is-layout-flex wp-container-core-columns-is-layout-9d6595d7 wp-block-columns-is-layout-flex">
<div class="wp-block-column is-layout-flow wp-block-column-is-layout-flow" style="flex-basis:100%">
<div class="wp-block-group"><div class="wp-block-group__inner-container is-layout-constrained wp-block-group-is-layout-constrained">
<div class="wp-block-buttons is-horizontal is-content-justification-center is-nowrap is-layout-flex wp-container-core-buttons-is-layout-7c17ba18 wp-block-buttons-is-layout-flex">
<div class="wp-block-button has-custom-width wp-block-button__width-25"><a class="wp-block-button__link has-vivid-red-color has-cyan-bluish-gray-background-color has-text-color has-background has-link-color has-small-font-size has-custom-font-size wp-element-button" href="https://zszastavka.cz/?page_id=17572" style="border-radius:100px">Fotogalerie ŠD</a></div>



<div class="wp-block-button has-custom-width wp-block-button__width-25"><a class="wp-block-button__link has-black-color has-cyan-bluish-gray-background-color has-text-color has-background has-link-color has-small-font-size has-custom-font-size wp-element-button" href="https://zszastavka.cz/?page_id=20344" style="border-radius:100px">Dokumentace ŠD</a></div>
</div>
</div></div>
</div>
</div>



<div class="wp-block-columns is-layout-flex wp-container-core-columns-is-layout-9d6595d7 wp-block-columns-is-layout-flex">
<div class="wp-block-column is-layout-flow wp-block-column-is-layout-flow" style="flex-basis:100%"></div>
</div>

<p>Školní družina je nedílnou částí Základní školy a Mateřské školy T.&nbsp;G.&nbsp;Masaryka Zastávka, příspěvkové organizace. Je součástí výchovně-vzdělávacího systému, zabezpečuje žákům náplň volného času v době před a po školním vyučování. Děti se zde věnují výtvarné, pracovní, hudební, literární, poznávací, pohybové i odpočinkové činnosti a hrám. Pravidelný pohyb venku slouží k aktivní relaxaci, rozvíjí tělesnou zdatnost&hellip;</p>
