{"id":10102,"date":"2021-09-02T15:09:08","date_gmt":"2021-09-02T13:09:08","guid":{"rendered":"https:\/\/zszastavka.cz\/?page_id=10102"},"modified":"2023-08-07T12:02:06","modified_gmt":"2023-08-07T10:02:06","slug":"fotogalerie-sd-2020-2021","status":"publish","type":"page","link":"https:\/\/zszastavka.cz\/?page_id=10102","title":{"rendered":"Fotogalerie \u0160D 2020\/2021"},"content":{"rendered":"\n<div class=\"wp-block-columns is-layout-flex wp-container-core-columns-is-layout-9d6595d7 wp-block-columns-is-layout-flex\">\n<div class=\"wp-block-column is-layout-flow wp-block-column-is-layout-flow\">\n<p class=\"has-white-color has-vivid-cyan-blue-background-color has-text-color has-background\"><a href=\"https:\/\/zszastavka.cz\/?page_id=10095\" data-type=\"page\" data-id=\"10095\">Vodn\u00ed hry a sout\u011b\u017ee<\/a><\/p>\n\n\n\n<p class=\"has-black-color has-pale-cyan-blue-background-color has-text-color has-background\"><a href=\"https:\/\/zszastavka.cz\/?page_id=10092\" data-type=\"page\" data-id=\"10092\">T\u00fdden na louce<\/a><\/p>\n\n\n\n<p class=\"has-white-color has-vivid-cyan-blue-background-color has-text-color has-background\"><a href=\"https:\/\/zszastavka.cz\/?page_id=10089\" data-type=\"page\" data-id=\"10089\">Tvo\u0159en\u00ed<\/a><\/p>\n\n\n\n<p class=\"has-black-color has-pale-cyan-blue-background-color has-text-color has-background\"><a href=\"https:\/\/zszastavka.cz\/?page_id=10086\" data-type=\"page\" data-id=\"10086\">Den matek a karaoke<\/a><\/p>\n\n\n\n<p class=\"has-white-color has-vivid-cyan-blue-background-color has-text-color has-background\"><a href=\"https:\/\/zszastavka.cz\/?page_id=10083\" data-type=\"page\" data-id=\"10083\">Den d\u011bt\u00ed<\/a><\/p>\n\n\n\n<p class=\"has-black-color has-pale-cyan-blue-background-color has-text-color has-background\"><a href=\"https:\/\/zszastavka.cz\/?page_id=9669\" data-type=\"page\" data-id=\"9669\">\u010carod\u011bjnice a zatm\u011bn\u00ed slunce<\/a><\/p>\n<\/div>\n\n\n\n<div class=\"wp-block-column is-layout-flow wp-block-column-is-layout-flow\">\n<p class=\"has-black-color has-pale-cyan-blue-background-color has-text-color has-background\"><a href=\"https:\/\/zszastavka.cz\/?page_id=7704\" data-type=\"page\" data-id=\"7704\">Sportujeme a vyr\u00e1b\u00edme<\/a><\/p>\n\n\n\n<p class=\"has-white-color has-vivid-cyan-blue-background-color has-text-color has-background\"><a href=\"https:\/\/zszastavka.cz\/?page_id=7707\" data-type=\"page\" data-id=\"7707\">Tulip\u00e1ny pro onkologii<\/a><\/p>\n\n\n\n<p class=\"has-black-color has-pale-cyan-blue-background-color has-text-color has-background\"><a href=\"https:\/\/zszastavka.cz\/?page_id=7461\" data-type=\"page\" data-id=\"7461\">Bobov\u00e1n\u00ed a sn\u011bhul\u00e1ci<\/a><\/p>\n\n\n\n<p class=\"has-white-color has-vivid-cyan-blue-background-color has-text-color has-background\"><a href=\"https:\/\/zszastavka.cz\/?page_id=7711\" data-type=\"page\" data-id=\"7711\">Zimn\u00ed vyr\u00e1b\u011bn\u00ed<\/a><\/p>\n\n\n\n<p class=\"has-black-color has-pale-cyan-blue-background-color has-text-color has-background\"><a href=\"https:\/\/zszastavka.cz\/?page_id=7715\" data-type=\"page\" data-id=\"7715\">V\u00e1no\u010dn\u00ed dekorace a sout\u011b\u017ee<\/a><\/p>\n\n\n\n<p class=\"has-white-color has-vivid-cyan-blue-background-color has-text-color has-background\"><a href=\"https:\/\/zszastavka.cz\/?page_id=7719\" data-type=\"page\" data-id=\"7719\">Mikul\u00e1\u0161 ve \u0161koln\u00ed dru\u017ein\u011b<\/a><\/p>\n<\/div>\n<\/div>\n","protected":false},"excerpt":{"rendered":"<p>Vodn\u00ed hry a sout\u011b\u017ee T\u00fdden na louce Tvo\u0159en\u00ed Den matek a karaoke Den d\u011bt\u00ed \u010carod\u011bjnice a zatm\u011bn\u00ed slunce Sportujeme a vyr\u00e1b\u00edme Tulip\u00e1ny pro onkologii Bobov\u00e1n\u00ed a sn\u011bhul\u00e1ci Zimn\u00ed vyr\u00e1b\u011bn\u00ed V\u00e1no\u010dn\u00ed dekorace a sout\u011b\u017ee Mikul\u00e1\u0161 ve \u0161koln\u00ed dru\u017ein\u011b<\/p>\n","protected":false},"author":1,"featured_media":0,"parent":17583,"menu_order":3,"comment_status":"closed","ping_status":"closed","template":"","meta":{"footnotes":""},"class_list":["post-10102","page","type-page","status-publish","hentry"],"_links":{"self":[{"href":"https:\/\/zszastavka.cz\/index.php?rest_route=\/wp\/v2\/pages\/10102","targetHints":{"allow":["GET"]}}],"collection":[{"href":"https:\/\/zszastavka.cz\/index.php?rest_route=\/wp\/v2\/pages"}],"about":[{"href":"https:\/\/zszastavka.cz\/index.php?rest_route=\/wp\/v2\/types\/page"}],"author":[{"embeddable":true,"href":"https:\/\/zszastavka.cz\/index.php?rest_route=\/wp\/v2\/users\/1"}],"replies":[{"embeddable":true,"href":"https:\/\/zszastavka.cz\/index.php?rest_route=%2Fwp%2Fv2%2Fcomments&post=10102"}],"version-history":[{"count":3,"href":"https:\/\/zszastavka.cz\/index.php?rest_route=\/wp\/v2\/pages\/10102\/revisions"}],"predecessor-version":[{"id":10105,"href":"https:\/\/zszastavka.cz\/index.php?rest_route=\/wp\/v2\/pages\/10102\/revisions\/10105"}],"up":[{"embeddable":true,"href":"https:\/\/zszastavka.cz\/index.php?rest_route=\/wp\/v2\/pages\/17583"}],"wp:attachment":[{"href":"https:\/\/zszastavka.cz\/index.php?rest_route=%2Fwp%2Fv2%2Fmedia&parent=10102"}],"curies":[{"name":"wp","href":"https:\/\/api.w.org\/{rel}","templated":true}]}}